{"id":329,"date":"2023-12-14T18:41:03","date_gmt":"2023-12-14T17:41:03","guid":{"rendered":"https:\/\/vienna.wordcamp.org\/2024\/?page_id=329"},"modified":"2024-04-07T06:53:24","modified_gmt":"2024-04-07T06:53:24","slug":"tickets-kaufen","status":"publish","type":"page","link":"https:\/\/vienna.wordcamp.org\/2024\/tickets-kaufen\/","title":{"rendered":"Tickets kaufen"},"content":{"rendered":"\n<p><strong><a href=\"\/2024\/tickets\/\">English<\/a><\/strong> \/ Deutsch<\/p>\n\n\n\n<p>Das WordCamp Vienna 2024 ist vorbei &#8211; Der Ticketverkauf ist geschlossen.<\/p>\n\n\n\n<p>Dein WordCamp-Ticket berechtigt dich sowohl zur Teilnahme an der <strong>Konferenz mit 3 Tracks am Samstag, den 6. April 2024<\/strong> mit vielen spannenden Vortr\u00e4gen (in Deutsch und Englisch) als auch zum <strong>Workshop-Tag am Freitag, den 5. April 2024<\/strong>.<\/p>\n\n\n\n<p>Der Preis des <strong>Early Bird- und Standard-Tickets <\/strong>beinhaltet den Zugang zu allen Vortr\u00e4gen, das Mittagessen, Kaffeepausen und ein gratis Getr\u00e4nk bei der <strong>Afterparty<\/strong>. Au\u00dferdem erh\u00e4ltst du auch ein cooles <strong>exklusives T-Shirt<\/strong>, Aufkleber und jede Menge andere gro\u00dfartige &#8220;Goodies&#8221; unserer Sponsoren. Wenn dir die Umwelt am Herzen liegt, oder du noch dein T-Shirt vom letzten Jahr hast und gerne auf neues verzichten kannst, dann ist das neue <strong>Eco-Ticket<\/strong> wie f\u00fcr dich gemacht.<\/p>\n\n\n\n<p>F\u00fcr Community-Building- und Werbezwecke wird es auf dem WordCamp-Event freiwillige und auch professionelle FotografInnen und VideofilmerInnen geben. Durch die Teilnahme an der Veranstaltung stimmt ihr zu, dass euer Bild in den resultierenden Fotos oder Videos verwendet wird, die eure Teilnahme am WordCamp zeigen k\u00f6nnten.<\/p>\n\n\n\n<p>Bitte beachtet: <strong>R\u00fcckerstattungen<\/strong> sind leider nicht m\u00f6glich. Es ist kein Problem, wenn ihr ein Ticket, das ihr gekauft habt, als Geschenk weitergebt, mehrere Tickets f\u00fcr euer Team kauft oder es an jemand anderen verkaufen wollt. Ihr k\u00f6nnt die Details zum Ticketkauf \u00fcber den Link bearbeiten, den ihr in der Ticketbest\u00e4tigungs-Mail erhalten habt. Danke f\u00fcr euer Verst\u00e4ndnis!<\/p>\n\n\n<a href=\"https:\/\/vienna.wordcamp.org\/2024\/tickets-kaufen\/\">Please view this page in a browser to purchase or manage tickets.<\/a>\n","protected":false},"excerpt":{"rendered":"<p>English \/ Deutsch Das WordCamp Vienna 2024 ist vorbei &#8211; Der Ticketverkauf ist geschlossen. Dein WordCamp-Ticket berechtigt dich sowohl zur Teilnahme an der Konferenz mit 3 Tracks am Samstag, den 6. April 2024 mit vielen spannenden Vortr\u00e4gen (in Deutsch und Englisch) als auch zum Workshop-Tag am Freitag, den 5. April 2024. Der Preis des Early &hellip; <a href=\"https:\/\/vienna.wordcamp.org\/2024\/tickets-kaufen\/\" class=\"more-link\">Continue reading<span class=\"screen-reader-text\"> &#8220;Tickets kaufen&#8221;<\/span><\/a><\/p>\n","protected":false},"author":17105202,"featured_media":0,"parent":0,"menu_order":0,"comment_status":"closed","ping_status":"closed","template":"","meta":{"jetpack_post_was_ever_published":false,"footnotes":""},"class_list":["post-329","page","type-page","status-publish","hentry"],"jetpack_sharing_enabled":true,"_links":{"self":[{"href":"https:\/\/vienna.wordcamp.org\/2024\/wp-json\/wp\/v2\/pages\/329","targetHints":{"allow":["GET"]}}],"collection":[{"href":"https:\/\/vienna.wordcamp.org\/2024\/wp-json\/wp\/v2\/pages"}],"about":[{"href":"https:\/\/vienna.wordcamp.org\/2024\/wp-json\/wp\/v2\/types\/page"}],"author":[{"embeddable":true,"href":"https:\/\/vienna.wordcamp.org\/2024\/wp-json\/wp\/v2\/users\/17105202"}],"replies":[{"embeddable":true,"href":"https:\/\/vienna.wordcamp.org\/2024\/wp-json\/wp\/v2\/comments?post=329"}],"version-history":[{"count":3,"href":"https:\/\/vienna.wordcamp.org\/2024\/wp-json\/wp\/v2\/pages\/329\/revisions"}],"predecessor-version":[{"id":4524,"href":"https:\/\/vienna.wordcamp.org\/2024\/wp-json\/wp\/v2\/pages\/329\/revisions\/4524"}],"wp:attachment":[{"href":"https:\/\/vienna.wordcamp.org\/2024\/wp-json\/wp\/v2\/media?parent=329"}],"curies":[{"name":"wp","href":"https:\/\/api.w.org\/{rel}","templated":true}]}}