{"id":541,"date":"2018-02-02T10:35:34","date_gmt":"2018-02-02T09:35:34","guid":{"rendered":"https:\/\/2018.vienna.wordcamp.org\/?page_id=541"},"modified":"2023-04-04T15:20:08","modified_gmt":"2023-04-04T13:20:08","slug":"freiwillige-helferinnen-gesucht","status":"publish","type":"page","link":"https:\/\/vienna.wordcamp.org\/2023\/freiwillige-helferinnen-gesucht\/","title":{"rendered":"Freiwillige Helfer*innen gesucht"},"content":{"rendered":"<div><\/div>\n<div style=\"text-align: center;padding-bottom: 20px\"><strong><a href=\"\/2023\/call-for-volunteers\/\">English<\/a> \/ Deutsch<\/strong><\/div>\n<p>Eine Freiwillige oder ein Freiwilliger beim WordCamp Vienna zu sein ist eine lohnende und auch erf\u00fcllende Erfahrung.<\/p>\n<p>Es bietet euch die M\u00f6glichkeit, sich mit Teilnehmer*innen aus der ganzen Welt zu treffen und zu plaudern, aber auch die Redner*innen und Organisator*innen bei ihrer Arbeit zu unterst\u00fctzen.<\/p>\n<p>Die Unterst\u00fctzung von freiwilligen Helfer*Innnen ist enorm wichtig,<strong> ohne diese Hilfe<\/strong> k\u00f6nnte das WordCamp Vienna nicht so erfolgreich sein wie es ist.<\/p>\n<h3><img loading=\"lazy\" decoding=\"async\" class=\"alignnone size-full wp-image-3930\" style=\"font-size: 16px\" src=\"https:\/\/vienna.wordcamp.org\/2022\/files\/2021\/11\/Wordcamp2020_byKlausProkop_Volunteers.jpg\" alt=\"WordCamp Vienna Volunteers\" width=\"1920\" height=\"1080\" \/>Als Helferin oder Helfer beim WordCamp Vienna, bekommst du:<\/h3>\n<ul>\n<li>Die M\u00f6glichkeit, einen <strong>Blick hinter die Kulissen<\/strong> der Veranstaltung zu werfen<\/li>\n<li>Ein <strong>wichtiger Teil<\/strong> der Veranstaltung an diesem Tag zu sein<\/li>\n<li>Die M\u00f6glichkeit, <strong>n\u00e4her<\/strong> interessante <strong>Leute zu treffen, die mit WordPress<\/strong> zu tun haben<\/li>\n<li>Mitten drin sein und WordCamp-<strong>Teilnehmer*innen aus der ganzen Welt treffen<\/strong><\/li>\n<li>Ein <strong>exklusives T-Shirt<\/strong> speziell f\u00fcr alle Helfer*innen<\/li>\n<li>Eine <strong>gratis Eintrittskarte<\/strong> f\u00fcr das WordCamp<\/li>\n<li><strong>Anerkennung<\/strong> f\u00fcr eure Zeit, Aufmerksamkeit und Bem\u00fchungen<\/li>\n<\/ul>\n<p>Als freiwillige Helferin oder freiwilliger Helfer ben\u00f6tigst du keinerlei Erfahrung bei der Organisation von WordCamps. Alles, was du mitbringen solltest, ist Energie, Enthusiasmus, bequemes Schuhwerk und die Liebe zur WordPress-Community.<\/p>\n<p>Das Aufgabengebiet w\u00e4hrende der Veranstaltung wird abwechslungsreich sein und ihr k\u00f6nnt eure freiwilligen T\u00e4tigkeiten auch unterbrechen, um bestimmte, f\u00fcr euch interessante Vortr\u00e4ge der Konferenz zu besuchen.<\/p>\n<h3>Zu besetzende Positionen:<\/h3>\n<ul>\n<li><strong>Set-up Crew<\/strong> \u2013 Fr\u00fch am Samstagmorgen ben\u00f6tigen wir ein Team von Freiwilligen, um in der N\u00e4he Beschriftungen f\u00fcr die Veranstaltung anzubringen. (Fr\u00fchst\u00fcck und Kaffee wird zur Verf\u00fcgung gestellt).<\/li>\n<li><strong>Check in<\/strong> \u2013 Teilnehmer*innen einchecken und Namensschilder verteilen. WordCamp-T-Shirts ausgeben und Goodies am Nachmittag verteilen.<\/li>\n<li><strong>Help Desk<\/strong> \u2013 Hilf anderen Word-Press Nutzer*innen bei ihren Webseiten.<\/li>\n<li><strong>Green Room<\/strong> \u2013 Auf den Raum achten, in dem Redner*innen und Freiwillige ihre Sachen lassen. Perfekt f\u00fcr einer Pause oder evtl. am Laptop kurz zu arbeiten.<\/li>\n<li><strong>Essens-Crew<\/strong> \u2013 F\u00fcr Anweisung der Teilnehmer zu den Speises\u00e4len.<\/li>\n<\/ul>\n<p>Bei die Vortr\u00e4ge, kompatibel sie zu folgen:<\/p>\n<ul>\n<li><strong>Zeit-Manager<\/strong> \u2013 Arbeite mit den Organisator*innen, Filmer*innen, Redner*innen und allen anderen zusammen, damit die Vortr\u00e4ge reibungslos und p\u00fcnktlich ablaufen k\u00f6nnen!<\/li>\n<li><strong>Mikrol\u00e4ufer<\/strong> \u2013 W\u00e4hrend den Frage- und Antwortzeiten das Mikrofon zum n\u00e4chsten Fragesteller bringen.<\/li>\n<li><strong>Moderator*in<\/strong> \u2013 Redner*innen vorstellen und die Fragerunde am Ende des Vortrags leiten.<\/li>\n<li><strong>Raum\u00fcberwachung<\/strong> \u2013 Sorge daf\u00fcr, dass die Konferenzr\u00e4ume nicht \u00fcberf\u00fcllt sind und verhindere zu lautes T\u00fcr\u00f6ffnen, wenn Personen den Raum betreten und verlassen.<\/li>\n<li><del><strong>Video\/Fotografie<\/strong><\/del> (zugeteilt) \u2013 Hilf mit die Veranstaltung mit Fotos und Videomaterial zu unterst\u00fctzen.<\/li>\n<\/ul>\n<p>Am Sonntag:<\/p>\n<ul>\n<li><strong>Workshop Day<\/strong> \u2013 Allgemeine Hilfe f\u00fcr die Vorbereitung der R\u00e4umlichkeiten und Coffee Break \/ Deli Lunch.<\/li>\n<\/ul>\n<h3>Lust auf Mehr? Bewerbe dich jetzt!<\/h3>\n<p>Solltet ihr euch freiwillig melden, dann kauft jetzt noch kein Ticket, ihr bekommt von uns eine <strong>gratis Eintrittskarte<\/strong> f\u00fcr das WordCamp Vienna.<\/p>\n<p>Bitte f\u00fcllt unten stehendes Formular mit euren Daten aus und schreibt uns auch welche Position f\u00fcr euch interessant w\u00e4re:<\/p>\n<div data-test='contact-form'\n\t\t\tid='contact-form-541'\n\t\t\tclass='jetpack-contact-form-container '\n\t\t\tdata-wp-interactive='jetpack\/form' data-wp-context='{\"formId\":\"541\",\"formHash\":\"d33b2ff93c4fa4b035759fd7f028d6ab69b9728d\",\"showErrors\":false,\"errors\":[],\"fields\":[],\"isMultiStep\":false,\"useAjax\":true,\"submissionData\":null,\"formattedSubmissionData\":[],\"submissionSuccess\":false,\"submissionError\":null,\"elementId\":\"jp-form-d33b2ff93c4fa4b035759fd7f028d6ab69b9728d\",\"isSingleInputForm\":false,\"isForcedHorizontal\":false}'\n\t\t\tdata-wp-watch--scroll-to-wrapper=\"callbacks.scrollToWrapper\"\n\t\t>\n<div class=\"contact-form-submission contact-form-ajax-submission\" data-wp-bind--aria-hidden=\"state.isSuccessMessageAriaHidden\" data-wp-class--submission-success=\"context.submissionSuccess\" id=\"contact-form-success-d33b2ff93c4fa4b035759fd7f028d6ab69b9728d\" tabindex=\"-1\" aria-labelledby=\"contact-form-success-header-d33b2ff93c4fa4b035759fd7f028d6ab69b9728d\"><p class=\"go-back-message\"><a class=\"link\" role=\"button\" tabindex=\"0\" data-wp-on--click=\"actions.goBack\" href=\"\/2023\/wp-json\/wp\/v2\/pages\/541\">\u2190 Back<\/a><\/p><h4 data-wp-bind--aria-hidden=\"state.isSuccessMessageAriaHidden\" id=\"contact-form-success-header-d33b2ff93c4fa4b035759fd7f028d6ab69b9728d\">Thank you for your response. \u2728<\/h4>\n\n<template data-wp-each--submission=\"context.formattedSubmissionData\">\n\t\t\t\t\t<div class=\"jetpack_forms_contact-form-success-summary\">\n\t\t\t\t\t\t<div class=\"field-name-wrapper\">\n\t\t\t\t\t\t\t<div class=\"field-type-icon\" data-wp-watch=\"callbacks.watchFieldTypeIcon\"><\/div>\n\t\t\t\t\t\t\t<div class=\"field-name\" data-wp-text=\"context.submission.label\" data-wp-bind--hidden=\"!context.submission.label\"><\/div>\n\t\t\t\t\t\t<\/div>\n\t\t\t\t\t\t<div class=\"field-value\" data-wp-text=\"context.submission.value\" data-wp-bind--hidden=\"!context.submission.showPlainValue\"><\/div>\n\t\t\t\t\t\t<a class=\"field-url\" data-wp-bind--href=\"context.submission.url\" data-wp-text=\"context.submission.value\" data-wp-bind--hidden=\"!context.submission.url\" target=\"_blank\" rel=\"noopener noreferrer\"><\/a>\n\t\t\t\t\t\t<div class=\"field-rating\" data-wp-bind--hidden=\"!context.submission.rating\" data-wp-watch=\"callbacks.watchRatingIcons\"><\/div>\n\t\t\t\t\t\t<div class=\"field-images\" data-wp-bind--hidden=\"!context.submission.images\">\n\t\t\t\t\t\t\t<template data-wp-each--image=\"context.submission.images\">\n\t\t\t\t\t\t\t\t<div class=\"field-image-option\" data-wp-class--is-empty=\"!context.image.src\">\n\t\t\t\t\t\t\t\t\t<figure class=\"field-image-option__image\" data-wp-class--is-empty=\"!context.image.src\">\n\t\t\t\t\t\t\t\t\t\t<img data-wp-bind--src=\"context.image.src\" data-wp-bind--hidden=\"!context.image.src\" \/>\n\t\t\t\t\t\t\t\t\t\t<img decoding=\"async\" src=\"data:image\/gif;base64,R0lGODlhAQABAAD\/ACwAAAAAAQABAAACADs=\" data-wp-bind--hidden=\"context.image.src\" \/>\n\t\t\t\t\t\t\t\t\t<\/figure>\n\t\t\t\t\t\t\t\t\t<div class=\"field-image-option__label-wrapper\">\n\t\t\t\t\t\t\t\t\t\t<span class=\"field-image-option__label-code\" data-wp-text=\"context.image.letterCode\"><\/span>\n\t\t\t\t\t\t\t\t\t\t<span class=\"field-image-option__label\" data-wp-text=\"context.image.label\" data-wp-bind--hidden=\"!context.image.label\"><\/span>\n\t\t\t\t\t\t\t\t\t<\/div>\n\t\t\t\t\t\t\t\t<\/div>\n\t\t\t\t\t\t\t<\/template>\n\t\t\t\t\t\t<\/div>\n\t\t\t\t\t\t<div class=\"field-files\" data-wp-bind--hidden=\"!context.submission.files\">\n\t\t\t\t\t\t\t<template data-wp-each--file=\"context.submission.files\">\n\t\t\t\t\t\t\t\t<div class=\"field-file\">\n\t\t\t\t\t\t\t\t\t<div class=\"field-file__thumbnail\" data-wp-style--background-image=\"context.file.previewUrl\" data-wp-style--mask-image=\"context.file.iconUrl\" data-wp-bind--hidden=\"!context.file.hasPreview\"><\/div>\n\t\t\t\t\t\t\t\t\t<svg class=\"field-file__icon\" data-wp-bind--hidden=\"context.file.hasPreview\" width=\"20\" height=\"20\" viewBox=\"0 0 24 24\" fill=\"none\" xmlns=\"http:\/\/www.w3.org\/2000\/svg\" aria-hidden=\"true\">\n\t\t\t\t\t\t\t\t\t\t<path d=\"M14 2H6C4.9 2 4 2.9 4 4V20C4 21.1 4.89 22 5.99 22H18C19.1 22 20 21.1 20 20V8L14 2ZM18 20H6V4H13V9H18V20Z\" fill=\"currentColor\"\/>\n\t\t\t\t\t\t\t\t\t<\/svg>\n\t\t\t\t\t\t\t\t\t<span class=\"field-file__name\" data-wp-text=\"context.file.name\"><\/span>\n\t\t\t\t\t\t\t\t\t<span class=\"field-file__size\" data-wp-text=\"context.file.size\"><\/span>\n\t\t\t\t\t\t\t\t<\/div>\n\t\t\t\t\t\t\t<\/template>\n\t\t\t\t\t\t<\/div>\n\t\t\t\t\t<\/div>\n\t\t\t\t<\/template><\/div><form action='https:\/\/vienna.wordcamp.org\/2023\/freiwillige-helferinnen-gesucht\/'\n\t\t\t\tid='jp-form-d33b2ff93c4fa4b035759fd7f028d6ab69b9728d'\n\t\t\t\tmethod='post'\n\t\t\t\tclass='contact-form commentsblock jetpack-contact-form__form has-no-jetpack-form-layout' aria-label=\"Freiwillige Helfer*innen gesucht\"\n\t\t\t\tdata-wp-on--submit=\"actions.onFormSubmit\"\n\t\t\t\tdata-wp-on--reset=\"actions.onFormReset\"\n\t\t\t\tdata-wp-class--submission-success=\"context.submissionSuccess\"\n\t\t\t\tdata-wp-class--is-first-step=\"state.isFirstStep\"\n\t\t\t\tdata-wp-class--is-last-step=\"state.isLastStep\"\n\t\t\t\tdata-wp-class--is-ajax-form=\"context.useAjax\"\n\t\t\t\tnovalidate >\n<input type='hidden' name='jetpack_contact_form_jwt' value='eyJ0eXAiOiJKV1QiLCJhbGciOiJIUzI1NiJ9.eyJlbmNyeXB0ZWRfYXR0cmlidXRlcyI6InZ4aFFaNllSdS9wVmdSL0tLc05iMWhyMFg3V05PNEdYU0FEMWdKOEIxb3EzRDdHK01qTmgrQzlRQzJtMERtdjVMSlNnUFBSdFhzci9ydEljS2tPRlQ4aCtDKzBMejRBVno4QThETnJBN09SZUtoNzd3R0RMMGc2aHhaZ1FKRDVzcWVvcmpHMmZCRHowZitzeDFONWt0MUxJc3hZMjE3Mzd0NWszdm1oSDJJVC9TR1dBNFB4ZFlxSjRHaHlYOGxSRlNUKytvRVJpOC9GVzZzR2FTc0lDSXczeFpScUQxY3Z4dUhGRTJCU2RrVEU5OXhrRkJleU13YnJvOCtiVlJ0d1pBc1ZDb3ZRbmlGQkJYcmROd2hld3h1azlwSllrMXh4NmNkaUVVR2JEOUxkK0RQTDhYWm1WUGd6STgxQWhQMWhQOEhWV29rd1VFbkVEN2ZvZUorWVZUUVdsNVUrUU9yQjgvNmR0QitTckVYcXIxTWFsNjBGWlh4RjJ6NXUwK3BzWTIrQ3lCVlk2ZE9SUElrTWt0NktrSTdBa3VkSHZReXAwWGR4cnhOVURjS3lXbkI3T0d0Qjl2Vi9mMDlQUDUrSXZrcWhJWlY5U2drbGpmd1FnZ3FXWTRaTldab2RiUVNySURwTkZpemxab0trWjFLSHZCYWNJekxoZkJCVC8zTm9idk9OUWdOeHI5NzFpQWNIS2ljYkRnd1A0MzkyMTRXVVArWVB3cWRSbldGMzh4MkcrMFlmS2lxckkvL0w5elBVUmRTOVU2M2t2R2VYUm5Qai93MXBrYnZhcDBHWkJwY1lXSmdBbDgvRStFUUxhMlJNYWlrM2N4eTlyWnA2ZHRscWd4NGpGTEZXR3EveGdCSzVRVUM1YkdQUnU4Q29ZeEYrUHdYQ2VLdWRuQ0tLc2JQSU45TzVlNmdPVWJkN0k3M2J6NkIyWHJMOEFqOWVJZ1BCSUhXU05BUDBuN0V4QmVOb1lXTFl0cTc3cFFJcUozYmhrU0FOZGJQNFZjL1Z6aWpZbU9MRkVpNW1QbHJqQ2VNbXB4SDJ2UWlyNGovNkRpMU15OXVCR0ZSMVZjaVVFZlk5ZHF2Q3lnNXBqa2FUd2VYWEUzMEIrYWJnT01ndzhsN0xiSENDNFUzNUNBZUFBVGxodG9tMWdIY2pZRWJiZXNhUmRzbVZSWXRwcmw1UUUzeU5udlI0d2ZTMmFSZE5ETjJMWFAzUEFtQUF1YUZJdHlybnY0aFdVd1hMRVJabUcrS0hPZVNxRGVDVTlxNTB1TlBLdUZ4bkJFbERtZHRsTmRHb1VZZnRJV0toNFlLYklLeC9GcWwyMnZhL1BMWHpsMzlmMXkvN0VxQ289IiwiY29udGVudCI6Iltjb250YWN0LWZpZWxkIGxhYmVsPVwiTmFtZVwiIHR5cGU9XCJuYW1lXCIgcmVxdWlyZWQ9XCIxXCJdW2NvbnRhY3QtZmllbGQgbGFiZWw9XCJFbWFpbFwiIHR5cGU9XCJlbWFpbFwiIHJlcXVpcmVkPVwiMVwiXVtjb250YWN0LWZpZWxkIGxhYmVsPVwiVGVsZXBob25lXCIgdHlwZT1cIm5hbWVcIl1bY29udGFjdC1maWVsZCBsYWJlbD1cIkNvbW1lbnRcIiB0eXBlPVwidGV4dGFyZWFcIiByZXF1aXJlZD1cIjFcIl0iLCJoYXNoIjoiZDMzYjJmZjkzYzRmYTRiMDM1NzU5ZmQ3ZjAyOGQ2YWI2OWI5NzI4ZCIsInNvdXJjZSI6eyJlbnRyeV90aXRsZSI6IkZyZWl3aWxsaWdlIEhlbGZlcippbm5lbiBnZXN1Y2h0IiwiZW50cnlfcGFnZSI6MSwic291cmNlX2lkIjo1NDEsInNvdXJjZV90eXBlIjoic2luZ2xlIiwicmVxdWVzdF91cmwiOiJodHRwczovL3ZpZW5uYS53b3JkY2FtcC5vcmcvMjAyMy93cC1qc29uL3dwL3YyL3BhZ2VzLzU0MSJ9LCJ2ZXJzaW9uIjoyLCJjaXBoZXIiOiJhZXMtMjU2LWdjbSJ9.I6pC5VAkk7nXigijHJsuHxHfpPvSeSTdgAENQxHSHvo' \/>\n\n<div style=\"\"  data-wp-interactive=\"jetpack\/form\" data-wp-context='{\"fieldId\":\"g541-name\",\"fieldType\":\"name\",\"fieldLabel\":\"Name\",\"fieldValue\":\"\",\"fieldPlaceholder\":\"\",\"fieldIsRequired\":\"1\",\"fieldErrorMessage\":\"\",\"fieldExtra\":[],\"formHash\":\"d33b2ff93c4fa4b035759fd7f028d6ab69b9728d\"}'  class='grunion-field-name-wrap grunion-field-wrap'  data-wp-init='callbacks.initializeField' data-wp-on--jetpack-form-reset='callbacks.initializeField' >\n<label\n\t\t\t\tfor='g541-name' class=\"grunion-field-label name\" >Name<span class=\"grunion-label-required\" aria-hidden=\"true\">(required)<\/span><\/label>\n<input\n\t\t\t\t\ttype='text'\n\t\t\t\t\tname='g541-name'\n\t\t\t\t\tid='g541-name'\n\t\t\t\t\tvalue=''\n\n\t\t\t\t\tdata-wp-bind--aria-invalid='state.fieldAriaInvalid'\n\t\t\t\t\tdata-wp-bind--value='state.getFieldValue'\n\t\t\t\t\taria-describedby='g541-name-text-error-message'\n\t\t\t\t\tdata-wp-on--input='actions.onFieldChange'\n\t\t\t\t\tdata-wp-on--blur='actions.onFieldBlur'\n\t\t\t\t\tdata-wp-class--has-value='state.hasFieldValue'\n\n\t\t\t\t\tclass='name  grunion-field' \n\t\t\t\t\trequired='true' aria-required='true'  \/>\n \n\t\t\t<div id=\"g541-name-text-error\" class=\"contact-form__input-error\" data-wp-class--has-errors=\"state.fieldHasErrors\">\n\t\t\t\t<span class=\"contact-form__warning-icon\" aria-hidden=\"true\">\n\t\t\t\t\t<svg width=\"16\" height=\"16\" viewBox=\"0 0 16 16\" fill=\"none\" xmlns=\"http:\/\/www.w3.org\/2000\/svg\">\n\t\t\t\t\t\t<path d=\"M8.50015 11.6402H7.50015V10.6402H8.50015V11.6402Z\" \/>\n\t\t\t\t\t\t<path d=\"M7.50015 9.64018H8.50015V6.30684H7.50015V9.64018Z\" \/>\n\t\t\t\t\t\t<path fill-rule=\"evenodd\" clip-rule=\"evenodd\" d=\"M6.98331 3.0947C7.42933 2.30177 8.57096 2.30177 9.01698 3.09469L13.8771 11.7349C14.3145 12.5126 13.7525 13.4735 12.8602 13.4735H3.14004C2.24774 13.4735 1.68575 12.5126 2.12321 11.7349L6.98331 3.0947ZM8.14541 3.58496C8.08169 3.47168 7.9186 3.47168 7.85488 3.58496L2.99478 12.2251C2.93229 12.3362 3.01257 12.4735 3.14004 12.4735H12.8602C12.9877 12.4735 13.068 12.3362 13.0055 12.2251L8.14541 3.58496Z\" \/>\n\t\t\t\t\t<\/svg>\n\t\t\t\t<\/span>\n\t\t\t\t<span data-wp-text=\"state.errorMessage\" id=\"g541-name-text-error-message\"><\/span>\n\t\t\t<\/div> \n\t<\/div>\n\n<div style=\"\"  data-wp-interactive=\"jetpack\/form\" data-wp-context='{\"fieldId\":\"g541-email\",\"fieldType\":\"email\",\"fieldLabel\":\"Email\",\"fieldValue\":\"\",\"fieldPlaceholder\":\"\",\"fieldIsRequired\":\"1\",\"fieldErrorMessage\":\"\",\"fieldExtra\":[],\"formHash\":\"d33b2ff93c4fa4b035759fd7f028d6ab69b9728d\"}'  class='grunion-field-email-wrap grunion-field-wrap'  data-wp-init='callbacks.initializeField' data-wp-on--jetpack-form-reset='callbacks.initializeField' >\n<label\n\t\t\t\tfor='g541-email' class=\"grunion-field-label email\" >Email<span class=\"grunion-label-required\" aria-hidden=\"true\">(required)<\/span><\/label>\n<input\n\t\t\t\t\ttype='email'\n\t\t\t\t\tname='g541-email'\n\t\t\t\t\tid='g541-email'\n\t\t\t\t\tvalue=''\n\n\t\t\t\t\tdata-wp-bind--aria-invalid='state.fieldAriaInvalid'\n\t\t\t\t\tdata-wp-bind--value='state.getFieldValue'\n\t\t\t\t\taria-describedby='g541-email-email-error-message'\n\t\t\t\t\tdata-wp-on--input='actions.onFieldChange'\n\t\t\t\t\tdata-wp-on--blur='actions.onFieldBlur'\n\t\t\t\t\tdata-wp-class--has-value='state.hasFieldValue'\n\n\t\t\t\t\tclass='email  grunion-field' \n\t\t\t\t\trequired='true' aria-required='true'  \/>\n \n\t\t\t<div id=\"g541-email-email-error\" class=\"contact-form__input-error\" data-wp-class--has-errors=\"state.fieldHasErrors\">\n\t\t\t\t<span class=\"contact-form__warning-icon\" aria-hidden=\"true\">\n\t\t\t\t\t<svg width=\"16\" height=\"16\" viewBox=\"0 0 16 16\" fill=\"none\" xmlns=\"http:\/\/www.w3.org\/2000\/svg\">\n\t\t\t\t\t\t<path d=\"M8.50015 11.6402H7.50015V10.6402H8.50015V11.6402Z\" \/>\n\t\t\t\t\t\t<path d=\"M7.50015 9.64018H8.50015V6.30684H7.50015V9.64018Z\" \/>\n\t\t\t\t\t\t<path fill-rule=\"evenodd\" clip-rule=\"evenodd\" d=\"M6.98331 3.0947C7.42933 2.30177 8.57096 2.30177 9.01698 3.09469L13.8771 11.7349C14.3145 12.5126 13.7525 13.4735 12.8602 13.4735H3.14004C2.24774 13.4735 1.68575 12.5126 2.12321 11.7349L6.98331 3.0947ZM8.14541 3.58496C8.08169 3.47168 7.9186 3.47168 7.85488 3.58496L2.99478 12.2251C2.93229 12.3362 3.01257 12.4735 3.14004 12.4735H12.8602C12.9877 12.4735 13.068 12.3362 13.0055 12.2251L8.14541 3.58496Z\" \/>\n\t\t\t\t\t<\/svg>\n\t\t\t\t<\/span>\n\t\t\t\t<span data-wp-text=\"state.errorMessage\" id=\"g541-email-email-error-message\"><\/span>\n\t\t\t<\/div> \n\t<\/div>\n\n<div style=\"\"  data-wp-interactive=\"jetpack\/form\" data-wp-context='{\"fieldId\":\"g541-telephone\",\"fieldType\":\"name\",\"fieldLabel\":\"Telephone\",\"fieldValue\":\"\",\"fieldPlaceholder\":\"\",\"fieldIsRequired\":\"\",\"fieldErrorMessage\":\"\",\"fieldExtra\":[],\"formHash\":\"d33b2ff93c4fa4b035759fd7f028d6ab69b9728d\"}'  class='grunion-field-name-wrap grunion-field-wrap'  data-wp-init='callbacks.initializeField' data-wp-on--jetpack-form-reset='callbacks.initializeField' >\n<label\n\t\t\t\tfor='g541-telephone' class=\"grunion-field-label name\" >Telephone<\/label>\n<input\n\t\t\t\t\ttype='text'\n\t\t\t\t\tname='g541-telephone'\n\t\t\t\t\tid='g541-telephone'\n\t\t\t\t\tvalue=''\n\n\t\t\t\t\tdata-wp-bind--aria-invalid='state.fieldAriaInvalid'\n\t\t\t\t\tdata-wp-bind--value='state.getFieldValue'\n\t\t\t\t\taria-describedby='g541-telephone-text-error-message'\n\t\t\t\t\tdata-wp-on--input='actions.onFieldChange'\n\t\t\t\t\tdata-wp-on--blur='actions.onFieldBlur'\n\t\t\t\t\tdata-wp-class--has-value='state.hasFieldValue'\n\n\t\t\t\t\tclass='name  grunion-field' \n\t\t\t\t\t \/>\n \n\t\t\t<div id=\"g541-telephone-text-error\" class=\"contact-form__input-error\" data-wp-class--has-errors=\"state.fieldHasErrors\">\n\t\t\t\t<span class=\"contact-form__warning-icon\" aria-hidden=\"true\">\n\t\t\t\t\t<svg width=\"16\" height=\"16\" viewBox=\"0 0 16 16\" fill=\"none\" xmlns=\"http:\/\/www.w3.org\/2000\/svg\">\n\t\t\t\t\t\t<path d=\"M8.50015 11.6402H7.50015V10.6402H8.50015V11.6402Z\" \/>\n\t\t\t\t\t\t<path d=\"M7.50015 9.64018H8.50015V6.30684H7.50015V9.64018Z\" \/>\n\t\t\t\t\t\t<path fill-rule=\"evenodd\" clip-rule=\"evenodd\" d=\"M6.98331 3.0947C7.42933 2.30177 8.57096 2.30177 9.01698 3.09469L13.8771 11.7349C14.3145 12.5126 13.7525 13.4735 12.8602 13.4735H3.14004C2.24774 13.4735 1.68575 12.5126 2.12321 11.7349L6.98331 3.0947ZM8.14541 3.58496C8.08169 3.47168 7.9186 3.47168 7.85488 3.58496L2.99478 12.2251C2.93229 12.3362 3.01257 12.4735 3.14004 12.4735H12.8602C12.9877 12.4735 13.068 12.3362 13.0055 12.2251L8.14541 3.58496Z\" \/>\n\t\t\t\t\t<\/svg>\n\t\t\t\t<\/span>\n\t\t\t\t<span data-wp-text=\"state.errorMessage\" id=\"g541-telephone-text-error-message\"><\/span>\n\t\t\t<\/div> \n\t<\/div>\n\n<div style=\"\"  data-wp-interactive=\"jetpack\/form\" data-wp-context='{\"fieldId\":\"g541-comment\",\"fieldType\":\"textarea\",\"fieldLabel\":\"Comment\",\"fieldValue\":\"\",\"fieldPlaceholder\":\"\",\"fieldIsRequired\":\"1\",\"fieldErrorMessage\":\"\",\"fieldExtra\":[],\"formHash\":\"d33b2ff93c4fa4b035759fd7f028d6ab69b9728d\"}'  class='grunion-field-textarea-wrap grunion-field-wrap'  data-wp-init='callbacks.initializeField' data-wp-on--jetpack-form-reset='callbacks.initializeField' >\n<label\n\t\t\t\tfor='contact-form-comment-g541-comment' class=\"grunion-field-label textarea\" >Comment<span class=\"grunion-label-required\" aria-hidden=\"true\">(required)<\/span><\/label>\n<textarea\n\t\t                style=''\n\t\t                name='g541-comment'\n\t\t                id='contact-form-comment-g541-comment'\n\t\t                rows='20'\n\t\t\t\t\t\tdata-wp-text='state.getFieldValue'\n\t\t\t\t\t\tdata-wp-on--input='actions.onFieldChange'\n\t\t\t\t\t\tdata-wp-on--blur='actions.onFieldBlur'\n\t\t\t\t\t\tdata-wp-class--has-value='state.hasFieldValue'\n\t\t\t\t\t\taria-describedby='g541-comment-textarea-error-message'\n\t\t\t\t\t\tdata-wp-bind--aria-invalid='state.fieldAriaInvalid'\n\t\t\t\t\t\tclass='textarea  grunion-field'  required aria-required='true'><\/textarea>\n \n\t\t\t<div id=\"g541-comment-textarea-error\" class=\"contact-form__input-error\" data-wp-class--has-errors=\"state.fieldHasErrors\">\n\t\t\t\t<span class=\"contact-form__warning-icon\" aria-hidden=\"true\">\n\t\t\t\t\t<svg width=\"16\" height=\"16\" viewBox=\"0 0 16 16\" fill=\"none\" xmlns=\"http:\/\/www.w3.org\/2000\/svg\">\n\t\t\t\t\t\t<path d=\"M8.50015 11.6402H7.50015V10.6402H8.50015V11.6402Z\" \/>\n\t\t\t\t\t\t<path d=\"M7.50015 9.64018H8.50015V6.30684H7.50015V9.64018Z\" \/>\n\t\t\t\t\t\t<path fill-rule=\"evenodd\" clip-rule=\"evenodd\" d=\"M6.98331 3.0947C7.42933 2.30177 8.57096 2.30177 9.01698 3.09469L13.8771 11.7349C14.3145 12.5126 13.7525 13.4735 12.8602 13.4735H3.14004C2.24774 13.4735 1.68575 12.5126 2.12321 11.7349L6.98331 3.0947ZM8.14541 3.58496C8.08169 3.47168 7.9186 3.47168 7.85488 3.58496L2.99478 12.2251C2.93229 12.3362 3.01257 12.4735 3.14004 12.4735H12.8602C12.9877 12.4735 13.068 12.3362 13.0055 12.2251L8.14541 3.58496Z\" \/>\n\t\t\t\t\t<\/svg>\n\t\t\t\t<\/span>\n\t\t\t\t<span data-wp-text=\"state.errorMessage\" id=\"g541-comment-textarea-error-message\"><\/span>\n\t\t\t<\/div>\n\t<\/div>\n\t<p class='contact-submit'>\n<div class=\"contact-form__error\" data-wp-class--show-errors=\"state.showFormErrors\"><span class=\"contact-form__warning-icon\" aria-hidden=\"true\"><i><\/i><\/span><span class=\"contact-form__error-message\" tabindex=\"-1\" data-wp-watch=\"callbacks.focusOnValidationError\" data-wp-text=\"state.getFormErrorMessage\"><\/span><ul aria-label=\"Form errors\">\n\t\t\t\t<template data-wp-each=\"state.getErrorList\" data-wp-key=\"context.item.id\">\n\t\t\t\t\t<li><a data-wp-bind--href=\"context.item.anchor\" data-wp-on--click=\"actions.scrollIntoView\" data-wp-text=\"context.item.label\"><\/a><\/li>\n\t\t\t\t<\/template>\n\t\t\t\t<\/ul><\/div><div class=\"contact-form__error\" data-wp-class--show-errors=\"state.showSubmissionError\" data-wp-text=\"context.submissionError\" tabindex=\"-1\" data-wp-watch=\"callbacks.focusOnSubmissionError\"><\/div>\t\t<button type='submit' class='pushbutton-wide'>Submit<\/button>\t\t<input type='hidden' name='contact-form-id' value='541' \/>\n\t\t<input type='hidden' name='action' value='grunion-contact-form' \/>\n\t\t<input type='hidden' name='contact-form-hash' value='d33b2ff93c4fa4b035759fd7f028d6ab69b9728d' \/>\n\t<\/p>\n<p style=\"display: none !important;\" class=\"akismet-fields-container\" data-prefix=\"ak_\"><label>&#916;<textarea name=\"ak_hp_textarea\" cols=\"45\" rows=\"8\" maxlength=\"100\"><\/textarea><\/label><input type=\"hidden\" id=\"ak_js_1\" name=\"ak_js\" value=\"152\"\/><script type=\"text\/javascript\">\n\/* <![CDATA[ *\/\ndocument.getElementById( \"ak_js_1\" ).setAttribute( \"value\", ( new Date() ).getTime() );\n\/* ]]> *\/\n<\/script>\n<\/p><\/form>\n<\/div>\n<p>Wir freuen uns auf dir!<\/p>\n","protected":false},"excerpt":{"rendered":"<p>English \/ Deutsch Eine Freiwillige oder ein Freiwilliger beim WordCamp Vienna zu sein ist eine lohnende und auch erf\u00fcllende Erfahrung. Es bietet euch die M\u00f6glichkeit, sich mit Teilnehmer*innen aus der ganzen Welt zu treffen und zu plaudern, aber auch die Redner*innen und Organisator*innen bei ihrer Arbeit zu unterst\u00fctzen. Die Unterst\u00fctzung von freiwilligen Helfer*Innnen ist enorm &hellip; <a href=\"https:\/\/vienna.wordcamp.org\/2023\/freiwillige-helferinnen-gesucht\/\" class=\"more-link\">Continue reading<span class=\"screen-reader-text\"> &#8220;Freiwillige Helfer*innen gesucht&#8221;<\/span><\/a><\/p>\n","protected":false},"author":15449508,"featured_media":1257,"parent":0,"menu_order":0,"comment_status":"closed","ping_status":"closed","template":"","meta":{"_crdt_document":"","jetpack_post_was_ever_published":false,"footnotes":""},"class_list":["post-541","page","type-page","status-publish","has-post-thumbnail","hentry"],"jetpack_sharing_enabled":true,"_links":{"self":[{"href":"https:\/\/vienna.wordcamp.org\/2023\/wp-json\/wp\/v2\/pages\/541","targetHints":{"allow":["GET"]}}],"collection":[{"href":"https:\/\/vienna.wordcamp.org\/2023\/wp-json\/wp\/v2\/pages"}],"about":[{"href":"https:\/\/vienna.wordcamp.org\/2023\/wp-json\/wp\/v2\/types\/page"}],"author":[{"embeddable":true,"href":"https:\/\/vienna.wordcamp.org\/2023\/wp-json\/wp\/v2\/users\/15449508"}],"replies":[{"embeddable":true,"href":"https:\/\/vienna.wordcamp.org\/2023\/wp-json\/wp\/v2\/comments?post=541"}],"version-history":[{"count":5,"href":"https:\/\/vienna.wordcamp.org\/2023\/wp-json\/wp\/v2\/pages\/541\/revisions"}],"predecessor-version":[{"id":6484,"href":"https:\/\/vienna.wordcamp.org\/2023\/wp-json\/wp\/v2\/pages\/541\/revisions\/6484"}],"wp:featuredmedia":[{"embeddable":true,"href":"https:\/\/vienna.wordcamp.org\/2023\/wp-json\/"}],"wp:attachment":[{"href":"https:\/\/vienna.wordcamp.org\/2023\/wp-json\/wp\/v2\/media?parent=541"}],"curies":[{"name":"wp","href":"https:\/\/api.w.org\/{rel}","templated":true}]}}