{"id":4267,"date":"2022-02-04T16:31:05","date_gmt":"2022-02-04T15:31:05","guid":{"rendered":"https:\/\/vienna.wordcamp.org\/2022\/?post_type=wcb_speaker&#038;p=4267"},"modified":"2022-02-04T16:32:06","modified_gmt":"2022-02-04T15:32:06","slug":"peter-harlander","status":"publish","type":"wcb_speaker","link":"https:\/\/vienna.wordcamp.org\/2022\/speaker\/peter-harlander\/","title":{"rendered":"Peter Harlander"},"content":{"rendered":"\n<p class=\"wp-block-paragraph\">Rechtsanwalt Peter Harlander hat seine berufliche Laufbahn als Rechtsanwalt seit 20 Jahren vollst\u00e4ndig auf die rechtlichen Aspekte von IT, Internet, Marketing und Vertrieb ausgerichtet.<\/p>\n\n\n\n<p class=\"wp-block-paragraph\">Peter Harlander ist Hauptgesellschafter und Gesch\u00e4ftsf\u00fchrer der Rechtsanwaltskanzlei Harlander &amp; Partner Rechtsanw\u00e4lte GmbH, Hauptgesellschafter des Datenschutz-Unternehmens Formamentum GmbH sowie Co-Founder des legal tech-Unternehmens legal web GmbH.<\/p>\n\n\n\n<p class=\"wp-block-paragraph\">Er ist Mitglied der Rechtsanwaltskammern Salzburg (f\u00fcr \u00d6sterreich) und M\u00fcnchen (f\u00fcr Deutschland).<\/p>\n\n\n\n<p class=\"wp-block-paragraph\">IT, Marketing &amp; Recht<\/p>\n\n\n\n<p class=\"wp-block-paragraph\">F\u00fcr seine Spezialisierung auf IT- und Marketingrecht bringt Peter Harlander als Rechtsanwalt nicht nur ein tiefgehendes und stets aktuelles rechtliches Wissen, sondern auch ein fundiertes technisches Know-how mit. Nur wer eine Sache versteht, kann diese rechtlich korrekt beurteilen.<\/p>\n\n\n\n<p class=\"wp-block-paragraph\">Peter Harlander ist als Rechtsanwalt in der IT- und Marketingbranche fest verankert. Er war acht Jahre Gesch\u00e4ftsf\u00fchrer eines auf Rechtsinformatik spezialisierten IT-Systemhauses und kann noch heute ein IT-System eines KMU konfigurieren.<\/p>\n\n\n\n<p class=\"wp-block-paragraph\">Zus\u00e4tzlich war Peter Harlander ein Jahrzehnt als allgemein beeideter und gerichtlich zertifizierter IT-Sachverst\u00e4ndiger f\u00fcr die Justiz t\u00e4tig und fungierte \u00fcber zwei Funktionsperioden als Standesvertreter der IT-Branche in der Wirtschaftskammer Salzburg.<\/p>\n\n\n\n<p class=\"wp-block-paragraph\">Selbst Experten aus hochspezialisierten Agenturen und IT-Unternehmen finden in Peter Harlander daher einen Gespr\u00e4chspartner, der ihre Rechtsfragen ohne umst\u00e4ndliche Erkl\u00e4rungen der technischen Grundlagen versteht.<\/p>\n\n\n\n<p class=\"wp-block-paragraph\">Peter Harlander liefert L\u00f6sungen, die nicht nur rechtlich, sondern auch technisch optimal umsetzbar sind.<\/p>\n\n\n\n<p class=\"wp-block-paragraph\">Lehrt\u00e4tigkeit<\/p>\n\n\n\n<p class=\"wp-block-paragraph\">Sein besonderes anwaltliches Fachwissen in den Rechtsgebieten Datenschutzrecht, Urheberrecht, Markenrecht, Wettbewerbsrecht, IT-Recht, Internetrecht, Social Media-Recht und E-Commerce-Recht gibt Peter Harlander regelm\u00e4\u00dfig als Referent an Fachhochschulen, bei Vortr\u00e4gen der Wirtschaftskammer und anderer Veranstalter sowie in unseren Seminaren weiter.<\/p>\n\n\n\n<p class=\"wp-block-paragraph\">Unternehmen buchen Peter Harlander aufgrund seiner praxisorientierten und f\u00fcr jeden juristischen Laien leicht verst\u00e4ndlichen Vortragsweise gerne f\u00fcr Inhouse-Workshops, um zu lernen, wie bei der t\u00e4glichen Arbeit kostspielige rechtliche Fehler vermieden werden k\u00f6nnen.<\/p>\n\n\n\n<p class=\"wp-block-paragraph\">Publikationen<\/p>\n\n\n\n<p class=\"wp-block-paragraph\">Peter Harlander ist bekannt aus seinen zahlreichen Interviews und Publikationen in Medien wie den Salzburger Nachrichten, ORF und ServusTV.<\/p>\n\n\n\n<p class=\"wp-block-paragraph\">Ehrenamt<\/p>\n\n\n\n<p class=\"wp-block-paragraph\">Peter Harlander engagierte sich neben seiner T\u00e4tigkeit als Rechtsanwalt in den letzten Jahren unter anderem als Gemeinderat der Stadt Salzburg, Stv. Obmann der Fachgruppe UBIT, Sprecher der Berufvertretung IT und Mitglied der Bezirksstellenleitung der Wirtschaftskammer Salzburg.<\/p>\n\n\n\n<p class=\"wp-block-paragraph\">Freizeit<\/p>\n\n\n\n<p class=\"wp-block-paragraph\">In seiner Freizeit genie\u00dft Peter Harlander gerne bei Reisen, Wanderungen, Radtouren oder Skitouren die Natur.<\/p>\n","protected":false},"excerpt":{"rendered":"<p>Rechtsanwalt Peter Harlander hat seine berufliche Laufbahn als Rechtsanwalt seit 20 Jahren vollst\u00e4ndig auf die rechtlichen Aspekte von IT, Internet, Marketing und Vertrieb ausgerichtet. Peter Harlander ist Hauptgesellschafter und Gesch\u00e4ftsf\u00fchrer der Rechtsanwaltskanzlei Harlander &amp; Partner Rechtsanw\u00e4lte GmbH, Hauptgesellschafter des Datenschutz-Unternehmens Formamentum GmbH sowie Co-Founder des legal tech-Unternehmens legal web GmbH. Er ist Mitglied der Rechtsanwaltskammern &hellip; <a href=\"https:\/\/vienna.wordcamp.org\/2022\/speaker\/peter-harlander\/\" class=\"more-link\">Continue reading<span class=\"screen-reader-text\"> &#8220;Peter Harlander&#8221;<\/span><\/a><\/p>\n","protected":false},"author":9179131,"featured_media":0,"comment_status":"closed","ping_status":"closed","template":"","meta":{"_crdt_document":"","jetpack_post_was_ever_published":false,"_wcpt_user_name":"peterharlander","footnotes":""},"speaker_group":[],"class_list":["post-4267","wcb_speaker","type-wcb_speaker","status-publish","hentry"],"jetpack_sharing_enabled":true,"avatar_urls":{"24":"https:\/\/secure.gravatar.com\/avatar\/e4174824b36dadfdb57cfedfae0ea14724dbe28fe8ffcb26d3525d9c8372abe4?s=24&d=mm&r=g","48":"https:\/\/secure.gravatar.com\/avatar\/e4174824b36dadfdb57cfedfae0ea14724dbe28fe8ffcb26d3525d9c8372abe4?s=48&d=mm&r=g","96":"https:\/\/secure.gravatar.com\/avatar\/e4174824b36dadfdb57cfedfae0ea14724dbe28fe8ffcb26d3525d9c8372abe4?s=96&d=mm&r=g","128":"https:\/\/secure.gravatar.com\/avatar\/e4174824b36dadfdb57cfedfae0ea14724dbe28fe8ffcb26d3525d9c8372abe4?s=128&d=mm&r=g","256":"https:\/\/secure.gravatar.com\/avatar\/e4174824b36dadfdb57cfedfae0ea14724dbe28fe8ffcb26d3525d9c8372abe4?s=256&d=mm&r=g","512":"https:\/\/secure.gravatar.com\/avatar\/e4174824b36dadfdb57cfedfae0ea14724dbe28fe8ffcb26d3525d9c8372abe4?s=512&d=mm&r=g"},"_links":{"self":[{"href":"https:\/\/vienna.wordcamp.org\/2022\/wp-json\/wp\/v2\/speakers\/4267","targetHints":{"allow":["GET"]}}],"collection":[{"href":"https:\/\/vienna.wordcamp.org\/2022\/wp-json\/wp\/v2\/speakers"}],"about":[{"href":"https:\/\/vienna.wordcamp.org\/2022\/wp-json\/wp\/v2\/types\/wcb_speaker"}],"author":[{"embeddable":true,"href":"https:\/\/vienna.wordcamp.org\/2022\/wp-json\/wp\/v2\/users\/9179131"}],"replies":[{"embeddable":true,"href":"https:\/\/vienna.wordcamp.org\/2022\/wp-json\/wp\/v2\/comments?post=4267"}],"version-history":[{"count":1,"href":"https:\/\/vienna.wordcamp.org\/2022\/wp-json\/wp\/v2\/speakers\/4267\/revisions"}],"predecessor-version":[{"id":4268,"href":"https:\/\/vienna.wordcamp.org\/2022\/wp-json\/wp\/v2\/speakers\/4267\/revisions\/4268"}],"sessions":[{"embeddable":true,"href":"https:\/\/vienna.wordcamp.org\/2022\/wp-json\/wp\/v2\/sessions\/4306?_embed=1&context=view"}],"wp:attachment":[{"href":"https:\/\/vienna.wordcamp.org\/2022\/wp-json\/wp\/v2\/media?parent=4267"}],"wp:term":[{"taxonomy":"wcb_speaker_group","embeddable":true,"href":"https:\/\/vienna.wordcamp.org\/2022\/wp-json\/wp\/v2\/speaker_group?post=4267"}],"curies":[{"name":"wp","href":"https:\/\/api.w.org\/{rel}","templated":true}]}}

<p class="wp-block-paragraph">Rechtsanwalt Peter Harlander hat seine berufliche Laufbahn als Rechtsanwalt seit 20 Jahren vollständig auf die rechtlichen Aspekte von IT, Internet, Marketing und Vertrieb ausgerichtet.</p>



<p class="wp-block-paragraph">Peter Harlander ist Hauptgesellschafter und Geschäftsführer der Rechtsanwaltskanzlei Harlander &amp; Partner Rechtsanwälte GmbH, Hauptgesellschafter des Datenschutz-Unternehmens Formamentum GmbH sowie Co-Founder des legal tech-Unternehmens legal web GmbH.</p>



<p class="wp-block-paragraph">Er ist Mitglied der Rechtsanwaltskammern Salzburg (für Österreich) und München (für Deutschland).</p>



<p class="wp-block-paragraph">IT, Marketing &amp; Recht</p>



<p class="wp-block-paragraph">Für seine Spezialisierung auf IT- und Marketingrecht bringt Peter Harlander als Rechtsanwalt nicht nur ein tiefgehendes und stets aktuelles rechtliches Wissen, sondern auch ein fundiertes technisches Know-how mit. Nur wer eine Sache versteht, kann diese rechtlich korrekt beurteilen.</p>



<p class="wp-block-paragraph">Peter Harlander ist als Rechtsanwalt in der IT- und Marketingbranche fest verankert. Er war acht Jahre Geschäftsführer eines auf Rechtsinformatik spezialisierten IT-Systemhauses und kann noch heute ein IT-System eines KMU konfigurieren.</p>



<p class="wp-block-paragraph">Zusätzlich war Peter Harlander ein Jahrzehnt als allgemein beeideter und gerichtlich zertifizierter IT-Sachverständiger für die Justiz tätig und fungierte über zwei Funktionsperioden als Standesvertreter der IT-Branche in der Wirtschaftskammer Salzburg.</p>



<p class="wp-block-paragraph">Selbst Experten aus hochspezialisierten Agenturen und IT-Unternehmen finden in Peter Harlander daher einen Gesprächspartner, der ihre Rechtsfragen ohne umständliche Erklärungen der technischen Grundlagen versteht.</p>



<p class="wp-block-paragraph">Peter Harlander liefert Lösungen, die nicht nur rechtlich, sondern auch technisch optimal umsetzbar sind.</p>



<p class="wp-block-paragraph">Lehrtätigkeit</p>



<p class="wp-block-paragraph">Sein besonderes anwaltliches Fachwissen in den Rechtsgebieten Datenschutzrecht, Urheberrecht, Markenrecht, Wettbewerbsrecht, IT-Recht, Internetrecht, Social Media-Recht und E-Commerce-Recht gibt Peter Harlander regelmäßig als Referent an Fachhochschulen, bei Vorträgen der Wirtschaftskammer und anderer Veranstalter sowie in unseren Seminaren weiter.</p>



<p class="wp-block-paragraph">Unternehmen buchen Peter Harlander aufgrund seiner praxisorientierten und für jeden juristischen Laien leicht verständlichen Vortragsweise gerne für Inhouse-Workshops, um zu lernen, wie bei der täglichen Arbeit kostspielige rechtliche Fehler vermieden werden können.</p>



<p class="wp-block-paragraph">Publikationen</p>



<p class="wp-block-paragraph">Peter Harlander ist bekannt aus seinen zahlreichen Interviews und Publikationen in Medien wie den Salzburger Nachrichten, ORF und ServusTV.</p>



<p class="wp-block-paragraph">Ehrenamt</p>



<p class="wp-block-paragraph">Peter Harlander engagierte sich neben seiner Tätigkeit als Rechtsanwalt in den letzten Jahren unter anderem als Gemeinderat der Stadt Salzburg, Stv. Obmann der Fachgruppe UBIT, Sprecher der Berufvertretung IT und Mitglied der Bezirksstellenleitung der Wirtschaftskammer Salzburg.</p>



<p class="wp-block-paragraph">Freizeit</p>



<p class="wp-block-paragraph">In seiner Freizeit genießt Peter Harlander gerne bei Reisen, Wanderungen, Radtouren oder Skitouren die Natur.</p>

<p>Rechtsanwalt Peter Harlander hat seine berufliche Laufbahn als Rechtsanwalt seit 20 Jahren vollständig auf die rechtlichen Aspekte von IT, Internet, Marketing und Vertrieb ausgerichtet. Peter Harlander ist Hauptgesellschafter und Geschäftsführer der Rechtsanwaltskanzlei Harlander &amp; Partner Rechtsanwälte GmbH, Hauptgesellschafter des Datenschutz-Unternehmens Formamentum GmbH sowie Co-Founder des legal tech-Unternehmens legal web GmbH. Er ist Mitglied der Rechtsanwaltskammern &hellip; <a href="https://vienna.wordcamp.org/2022/speaker/peter-harlander/" class="more-link">Continue reading<span class="screen-reader-text"> &#8220;Peter Harlander&#8221;</span></a></p>
