{"id":4392,"date":"2022-02-08T16:28:47","date_gmt":"2022-02-08T15:28:47","guid":{"rendered":"https:\/\/vienna.wordcamp.org\/2022\/?page_id=4392"},"modified":"2022-04-20T11:36:12","modified_gmt":"2022-04-20T09:36:12","slug":"covid-masnahmen","status":"publish","type":"page","link":"https:\/\/vienna.wordcamp.org\/2022\/covid-masnahmen\/","title":{"rendered":"COVID Ma\u00dfnahmen"},"content":{"rendered":"\n<p class=\"has-text-align-center wp-block-paragraph\"><a href=\"\/2022\/covid-measures\" data-type=\"URL\" data-id=\"\/2022\/covid-measures\">English<\/a> \/ Deutsch<\/p>\n\n\n\n<p class=\"wp-block-paragraph\"><strong>F\u00fcr Eure Sicherheit:<br>die wichtigsten COVID-19-Ma\u00dfnahmen f\u00fcr einen sicheren Veranstaltungsbesuch<\/strong>.<\/p>\n\n\n\n<p class=\"wp-block-paragraph\"><strong>Stand 20.04.2022<\/strong><\/p>\n\n\n\n<p class=\"wp-block-paragraph\">Da uns Eure Gesundheit am Herzen liegt und wir Euch nicht nur ein spannendes Event, sondern vor allem einen sicheren und angenehmen Veranstaltungsbesuch erm\u00f6glichen m\u00f6chten, haben wir hier die wichtigsten Fragen rund um die COVID-19 Ma\u00dfnahmen zusammengefasst.<\/p>\n\n\n\n<hr class=\"wp-block-separator\" \/>\n\n\n\n<p class=\"wp-block-paragraph\"><strong>Empfehlung f\u00fcr den Zutritt zum Veranstaltungsort<\/strong><\/p>\n\n\n\n<p class=\"wp-block-paragraph\">Entsprechend der COVID-19-Basisma\u00dfnahmenverordnung des Bundesministers f\u00fcr Soziales, Gesundheit, Pflege und Konsumentenschutz ist f\u00fcr die Teilnahme an der Veranstaltung kein Impf- oder Testnachweis erforderlich.<\/p>\n\n\n\n<p class=\"wp-block-paragraph\">Dennoch empfehlen wir dringend, die Veranstaltung nur mit einer aufrechten COVID-Impfung oder einem negativen COVID-Test zu besuchen, um f\u00fcr alle Teilnehmer die gr\u00f6\u00dftm\u00f6gliche Sicherheit gew\u00e4hrleisten zu k\u00f6nnen.<\/p>\n\n\n\n<p class=\"wp-block-paragraph\">Bitte besucht das WordCamp Vienna nur, wenn Ihr <strong>keine<\/strong> COVID-19-Symptome aufweist!<\/p>\n\n\n\n<hr class=\"wp-block-separator\" \/>\n\n\n\n<p class=\"wp-block-paragraph\"><strong>FFP2-Masken-Pflicht<\/strong><\/p>\n\n\n\n<p class=\"wp-block-paragraph\">In allen Geb\u00e4uden besteht durchgehend FFP2-Maskenpflicht, dies gilt auch w\u00e4hrend der Vortr\u00e4ge in den H\u00f6rs\u00e4len und in den Pausen.<\/p>\n\n\n\n<p class=\"wp-block-paragraph\">Die Maske darf in R\u00e4umen nur w\u00e4hrend der Konsumation von Speisen und Getr\u00e4nken abgenommen werden und dies nur an dazu eigens ausgewiesenen Verabreichungspl\u00e4tzen.<\/p>\n\n\n\n<hr class=\"wp-block-separator\" \/>\n\n\n\n<p class=\"wp-block-paragraph\"><strong>Abstand halten<\/strong><\/p>\n\n\n\n<p class=\"wp-block-paragraph\">Bitte haltet stets einen Abstand zu anderen Besucherinnen und Besuchern ein und passiert Engstellen z\u00fcgig. Dies gilt auch bei den Sitzpl\u00e4tzen in den H\u00f6rs\u00e4len.<\/p>\n\n\n\n<hr class=\"wp-block-separator\" \/>\n\n\n\n<p class=\"wp-block-paragraph\"><strong>Hygiene<\/strong><\/p>\n\n\n\n<p class=\"wp-block-paragraph\">Bitte desinfiziert Eure H\u00e4nde, Desinfektionsmittelspender stehen daf\u00fcr bereit.<\/p>\n\n\n\n<hr class=\"wp-block-separator\" \/>\n\n\n\n<p class=\"wp-block-paragraph\"><strong>Contact Tracing<\/strong><\/p>\n\n\n\n<p class=\"wp-block-paragraph\">Aufgrund beh\u00f6rdlicher Auflagen sind wir verpflichtet, neben Namen, Vornamen und E-Mail-Adresse zus\u00e4tzliche Kontaktdaten (zB. Telefonnummer) zu erfassen. Diese Daten werden im Zuge des Ticketkaufs erhoben und streng im Sinne des Datenschutzes ausschlie\u00dflich zum Zweck der Kontaktpersonennachverfolgung verarbeitet und der Bezirksverwaltungsbeh\u00f6rde nur auf Anfrage \u00fcbermittelt. Daf\u00fcr gelten die Datenschutzbestimmungen der Rechtsvorschrift 4. COVID-19-Ma\u00dfnahmenverordnung, \u00a718.<\/p>\n\n\n\n<p class=\"wp-block-paragraph\">Dies dient bei Auftreten einer Infektion dazu, die beh\u00f6rdlichen Erhebungen zu beschleunigen und Euch rasch in Kenntnis zu setzen.<\/p>\n\n\n\n<hr class=\"wp-block-separator\" \/>\n\n\n\n<p class=\"wp-block-paragraph\">Mit unseren Ma\u00dfnahmen erf\u00fcllen wir nicht nur die Verordnung der Bundesregierung und die Vorgaben des Veranstaltungsortes, sondern auch unser Bed\u00fcrfnis Euch eine sichere Umgebung f\u00fcr eine erfolgreiche Veranstaltung bieten zu k\u00f6nnen.<\/p>\n\n\n\n<p class=\"wp-block-paragraph\">Da sich einzelne Ma\u00dfnahmen in der Verordnung \u00e4ndern k\u00f6nnen und wir flexibel auf solche \u00c4nderungen reagieren m\u00fcssen, empfehlen wir allen Teilnehmern, sich kurz vor dem Tag der Veranstaltung nochmals auf dieser Seite \u00fcber die aktuell g\u00fcltigen Ma\u00dfnahmen zu informieren.<\/p>\n\n\n\n<p class=\"wp-block-paragraph\">Wir freuen uns mit Euch ein spannendes, erfolgreiches und sicheres WordCamp Vienna 2022 erleben zu k\u00f6nnen.<\/p>\n","protected":false},"excerpt":{"rendered":"<p>English \/ Deutsch F\u00fcr Eure Sicherheit:die wichtigsten COVID-19-Ma\u00dfnahmen f\u00fcr einen sicheren Veranstaltungsbesuch. Stand 20.04.2022 Da uns Eure Gesundheit am Herzen liegt und wir Euch nicht nur ein spannendes Event, sondern vor allem einen sicheren und angenehmen Veranstaltungsbesuch erm\u00f6glichen m\u00f6chten, haben wir hier die wichtigsten Fragen rund um die COVID-19 Ma\u00dfnahmen zusammengefasst. Empfehlung f\u00fcr den Zutritt &hellip; <a href=\"https:\/\/vienna.wordcamp.org\/2022\/covid-masnahmen\/\" class=\"more-link\">Continue reading<span class=\"screen-reader-text\"> &#8220;COVID Ma\u00dfnahmen&#8221;<\/span><\/a><\/p>\n","protected":false},"author":17801252,"featured_media":0,"parent":0,"menu_order":0,"comment_status":"closed","ping_status":"closed","template":"","meta":{"_crdt_document":"","jetpack_post_was_ever_published":false,"footnotes":""},"class_list":["post-4392","page","type-page","status-publish","hentry"],"jetpack_sharing_enabled":true,"_links":{"self":[{"href":"https:\/\/vienna.wordcamp.org\/2022\/wp-json\/wp\/v2\/pages\/4392","targetHints":{"allow":["GET"]}}],"collection":[{"href":"https:\/\/vienna.wordcamp.org\/2022\/wp-json\/wp\/v2\/pages"}],"about":[{"href":"https:\/\/vienna.wordcamp.org\/2022\/wp-json\/wp\/v2\/types\/page"}],"author":[{"embeddable":true,"href":"https:\/\/vienna.wordcamp.org\/2022\/wp-json\/wp\/v2\/users\/17801252"}],"replies":[{"embeddable":true,"href":"https:\/\/vienna.wordcamp.org\/2022\/wp-json\/wp\/v2\/comments?post=4392"}],"version-history":[{"count":12,"href":"https:\/\/vienna.wordcamp.org\/2022\/wp-json\/wp\/v2\/pages\/4392\/revisions"}],"predecessor-version":[{"id":5114,"href":"https:\/\/vienna.wordcamp.org\/2022\/wp-json\/wp\/v2\/pages\/4392\/revisions\/5114"}],"wp:attachment":[{"href":"https:\/\/vienna.wordcamp.org\/2022\/wp-json\/wp\/v2\/media?parent=4392"}],"curies":[{"name":"wp","href":"https:\/\/api.w.org\/{rel}","templated":true}]}}

COVID Maßnahmen

<p class="has-text-align-center wp-block-paragraph"><a href="/2022/covid-measures" data-type="URL" data-id="/2022/covid-measures">English</a> / Deutsch</p>



<p class="wp-block-paragraph"><strong>Für Eure Sicherheit:<br>die wichtigsten COVID-19-Maßnahmen für einen sicheren Veranstaltungsbesuch</strong>.</p>



<p class="wp-block-paragraph"><strong>Stand 20.04.2022</strong></p>



<p class="wp-block-paragraph">Da uns Eure Gesundheit am Herzen liegt und wir Euch nicht nur ein spannendes Event, sondern vor allem einen sicheren und angenehmen Veranstaltungsbesuch ermöglichen möchten, haben wir hier die wichtigsten Fragen rund um die COVID-19 Maßnahmen zusammengefasst.</p>



<hr class="wp-block-separator" />



<p class="wp-block-paragraph"><strong>Empfehlung für den Zutritt zum Veranstaltungsort</strong></p>



<p class="wp-block-paragraph">Entsprechend der COVID-19-Basismaßnahmenverordnung des Bundesministers für Soziales, Gesundheit, Pflege und Konsumentenschutz ist für die Teilnahme an der Veranstaltung kein Impf- oder Testnachweis erforderlich.</p>



<p class="wp-block-paragraph">Dennoch empfehlen wir dringend, die Veranstaltung nur mit einer aufrechten COVID-Impfung oder einem negativen COVID-Test zu besuchen, um für alle Teilnehmer die größtmögliche Sicherheit gewährleisten zu können.</p>



<p class="wp-block-paragraph">Bitte besucht das WordCamp Vienna nur, wenn Ihr <strong>keine</strong> COVID-19-Symptome aufweist!</p>



<hr class="wp-block-separator" />



<p class="wp-block-paragraph"><strong>FFP2-Masken-Pflicht</strong></p>



<p class="wp-block-paragraph">In allen Gebäuden besteht durchgehend FFP2-Maskenpflicht, dies gilt auch während der Vorträge in den Hörsälen und in den Pausen.</p>



<p class="wp-block-paragraph">Die Maske darf in Räumen nur während der Konsumation von Speisen und Getränken abgenommen werden und dies nur an dazu eigens ausgewiesenen Verabreichungsplätzen.</p>



<hr class="wp-block-separator" />



<p class="wp-block-paragraph"><strong>Abstand halten</strong></p>



<p class="wp-block-paragraph">Bitte haltet stets einen Abstand zu anderen Besucherinnen und Besuchern ein und passiert Engstellen zügig. Dies gilt auch bei den Sitzplätzen in den Hörsälen.</p>



<hr class="wp-block-separator" />



<p class="wp-block-paragraph"><strong>Hygiene</strong></p>



<p class="wp-block-paragraph">Bitte desinfiziert Eure Hände, Desinfektionsmittelspender stehen dafür bereit.</p>



<hr class="wp-block-separator" />



<p class="wp-block-paragraph"><strong>Contact Tracing</strong></p>



<p class="wp-block-paragraph">Aufgrund behördlicher Auflagen sind wir verpflichtet, neben Namen, Vornamen und E-Mail-Adresse zusätzliche Kontaktdaten (zB. Telefonnummer) zu erfassen. Diese Daten werden im Zuge des Ticketkaufs erhoben und streng im Sinne des Datenschutzes ausschließlich zum Zweck der Kontaktpersonennachverfolgung verarbeitet und der Bezirksverwaltungsbehörde nur auf Anfrage übermittelt. Dafür gelten die Datenschutzbestimmungen der Rechtsvorschrift 4. COVID-19-Maßnahmenverordnung, §18.</p>



<p class="wp-block-paragraph">Dies dient bei Auftreten einer Infektion dazu, die behördlichen Erhebungen zu beschleunigen und Euch rasch in Kenntnis zu setzen.</p>



<hr class="wp-block-separator" />



<p class="wp-block-paragraph">Mit unseren Maßnahmen erfüllen wir nicht nur die Verordnung der Bundesregierung und die Vorgaben des Veranstaltungsortes, sondern auch unser Bedürfnis Euch eine sichere Umgebung für eine erfolgreiche Veranstaltung bieten zu können.</p>



<p class="wp-block-paragraph">Da sich einzelne Maßnahmen in der Verordnung ändern können und wir flexibel auf solche Änderungen reagieren müssen, empfehlen wir allen Teilnehmern, sich kurz vor dem Tag der Veranstaltung nochmals auf dieser Seite über die aktuell gültigen Maßnahmen zu informieren.</p>



<p class="wp-block-paragraph">Wir freuen uns mit Euch ein spannendes, erfolgreiches und sicheres WordCamp Vienna 2022 erleben zu können.</p>

<p>English / Deutsch Für Eure Sicherheit:die wichtigsten COVID-19-Maßnahmen für einen sicheren Veranstaltungsbesuch. Stand 20.04.2022 Da uns Eure Gesundheit am Herzen liegt und wir Euch nicht nur ein spannendes Event, sondern vor allem einen sicheren und angenehmen Veranstaltungsbesuch ermöglichen möchten, haben wir hier die wichtigsten Fragen rund um die COVID-19 Maßnahmen zusammengefasst. Empfehlung für den Zutritt &hellip; <a href="https://vienna.wordcamp.org/2022/covid-masnahmen/" class="more-link">Continue reading<span class="screen-reader-text"> &#8220;COVID Maßnahmen&#8221;</span></a></p>
