{"id":284,"date":"2017-12-16T20:46:59","date_gmt":"2017-12-16T19:46:59","guid":{"rendered":"https:\/\/2018.vienna.wordcamp.org\/?page_id=284"},"modified":"2022-04-27T12:25:44","modified_gmt":"2022-04-27T10:25:44","slug":"wordcamp-wien-2022","status":"publish","type":"page","link":"https:\/\/vienna.wordcamp.org\/2022\/wordcamp-wien-2022\/","title":{"rendered":"WordCamp Wien 2022"},"content":{"rendered":"\n<p class=\"has-text-align-center wp-block-paragraph\"><a href=\"\/2022\/\">English<\/a> \/ Deutsch<\/p>\n\n\n\n<figure class=\"wp-block-image size-large\"><img loading=\"lazy\" decoding=\"async\" width=\"1024\" height=\"683\" src=\"https:\/\/vienna.wordcamp.org\/2022\/files\/2022\/04\/wordcamp2022_KP5_5025_CKlausProkop_WEB-1024x683.jpg\" alt=\"\" class=\"wp-image-5277\" srcset=\"https:\/\/vienna.wordcamp.org\/2022\/files\/2022\/04\/wordcamp2022_KP5_5025_CKlausProkop_WEB-1024x683.jpg 1024w, https:\/\/vienna.wordcamp.org\/2022\/files\/2022\/04\/wordcamp2022_KP5_5025_CKlausProkop_WEB-300x200.jpg 300w, https:\/\/vienna.wordcamp.org\/2022\/files\/2022\/04\/wordcamp2022_KP5_5025_CKlausProkop_WEB-768x512.jpg 768w, https:\/\/vienna.wordcamp.org\/2022\/files\/2022\/04\/wordcamp2022_KP5_5025_CKlausProkop_WEB-450x300.jpg 450w, https:\/\/vienna.wordcamp.org\/2022\/files\/2022\/04\/wordcamp2022_KP5_5025_CKlausProkop_WEB-1536x1024.jpg 1536w, https:\/\/vienna.wordcamp.org\/2022\/files\/2022\/04\/wordcamp2022_KP5_5025_CKlausProkop_WEB.jpg 1600w\" sizes=\"auto, (max-width: 1024px) 100vw, 1024px\" \/><\/figure>\n\n\n\n<p class=\"wp-block-paragraph\">Wir freuen uns, Euch mitteilen zu k\u00f6nnen, dass die WordPress Konferenz <strong>WordCamp Vienna 2022<\/strong>&nbsp;offiziell im Kalender steht!<\/p>\n\n\n\n<p class=\"wp-block-paragraph\">WordCamps sind informelle, community-organisierte Veranstaltungen, die von allen, die WordPress verwenden, besucht werden sollten. Das betrifft BloggerInnen, DesignerInnen, EntwicklerInnen, AutorInnen, VermarkterInnen, SEOs, Unternehmen, Startups, Non-Profits, BeraterInnen etc.<\/p>\n\n\n\n<p class=\"wp-block-paragraph\">Wir halten dich auf dem Laufenden \u00fcber alle Details in den kommenden Monaten, einschlie\u00dflich ReferentInnen, SponsorInnen und vieles mehr!<\/p>\n\n\n\n<hr class=\"wp-block-separator\" \/>\n\n\n\n<h3 class=\"wp-block-heading\" id=\"konferenz-am-samstag\">Konferenz am Samstag<\/h3>\n\n\n\n<p class=\"wp-block-paragraph\">23. April 2022 von 9:00 bis 18:00 am <a href=\"https:\/\/www.google.at\/maps\/place\/H%C3%B6rsaalzentrum+-+Campus+der+Universit%C3%A4t+Wien\/@48.2164736,16.3518621,16z\/data=!4m5!3m4!1s0x0:0x99756d0f15d5e82c!8m2!3d48.2171742!4d16.3532568\">Campus der Universit\u00e4t Wien &#8211; Altes AKH, H\u00f6rsaalzentrum (C1, C2 &amp; Aula), Spitalgasse 2, 1090 Wien.<\/a><\/p>\n\n\n\n<p class=\"wp-block-paragraph\">Es ist ein moderner Tagungsort mit guter Erreichbarkeit und Aufz\u00fcgen zu allen Etagen. Es gibt <strong>zwei Tracks<\/strong> von WordPress-fokussiertem Wissen, darunter auch <strong>mehrere Vortr\u00e4ge in Deutsch<\/strong>.<\/p>\n\n\n<div class=\"googlemaps\">\n\t\t\t\t<iframe loading=\"lazy\" width=\"600\" height=\"450\" frameborder=\"0\" scrolling=\"no\" marginheight=\"0\" marginwidth=\"0\"  src=\"https:\/\/www.google.com\/maps\/embed?pb=!1m14!1m8!1m3!1d5316.976359008091!2d16.35186205131438!3d48.21647362065876!3m2!1i1024!2i768!4f13.1!3m3!1m2!1s0x0:0x99756d0f15d5e82c!2sH\u00f6rsaalzentrum%20-%20Campus%20der%20Universit\u00e4t%20Wien!5e0!3m2!1sde!2sat!4v1480158630118\"><\/iframe>\n\t\t\t<\/div>\n\n\n\n<h3 class=\"wp-block-heading\" id=\"afterparty-am-samstag\">Afterparty am Samstag<\/h3>\n\n\n\n<p class=\"wp-block-paragraph\">Nach dem WordCamp gibt es abends auch eine Afterparty direkt in der Stiegl Ambulanz, bei der du dich mit neuen Freunden entspannen kannst und wo Ihr eure (WordPress-basierten) Pl\u00e4ne zur \u00dcbernahme der Welt aust\u00fcfteln k\u00f6nnt.<\/p>\n\n\n\n<hr class=\"wp-block-separator\" \/>\n\n\n\n<h3 class=\"wp-block-heading\" id=\"contributors-workshop-day-am-sonntag\">Contributors Workshop Day am Sonntag<\/h3>\n\n\n\n<p class=\"wp-block-paragraph\">Am Sonntag, den 24. April 2022 von 10:00 bis 15:00, trifft sich die WordPress Community im <a href=\"https:\/\/www.google.com\/maps\/place\/Talent+Garden+Austria\/@48.2283396,16.353713,17z\/data=!3m1!4b1!4m5!3m4!1s0x476d07c28ba6fad5:0x9277b1d2d683038e!8m2!3d48.2283374!4d16.3558859\" data-type=\"URL\" data-id=\"https:\/\/www.google.com\/maps\/place\/Talent+Garden+Austria\/@48.2283396,16.353713,17z\/data=!3m1!4b1!4m5!3m4!1s0x476d07c28ba6fad5:0x9277b1d2d683038e!8m2!3d48.2283374!4d16.3558859\" target=\"_blank\" rel=\"noreferrer noopener\">Talent Garden Vienna, Liechtensteinstra\u00dfe 111-115, 1090 Wien<\/a>.<\/p>\n\n\n\n<div class=\"googlemaps\">\n\t\t\t\t<iframe loading=\"lazy\" width=\"600\" height=\"450\" frameborder=\"0\" scrolling=\"no\" marginheight=\"0\" marginwidth=\"0\"  src=\"https:\/\/www.google.com\/maps\/embed?pb=!1m18!1m12!1m3!1d2657.8719850180128!2d16.353713016264972!3d48.22833955281315!2m3!1f0!2f0!3f0!3m2!1i1024!2i768!4f13.1!3m3!1m2!1s0x476d07c28ba6fad5:0x9277b1d2d683038e!2sTalent%20Garden%20Austria!5e0!3m2!1sen!2sat!4v1644565234238!5m2!1sen!2sat\"><\/iframe>\n\t\t\t<\/div>\n\n\n\n<p class=\"wp-block-paragraph\">Zus\u00e4tzlich zu den \u00fcblichen WordPress-Contributor-Day-Sessions (<a href=\"https:\/\/2020.vienna.wordcamp.org\/2018\/08\/13\/what-is-a-wordpress-contributor-day-and-why-should-i-come\/\">englischsprachige Erkl\u00e4rung zum Contributor Day<\/a>)&nbsp; haben wir auch geplant, mehrere 2\u2013Stunden Workshops anzubieten.<\/p>\n\n\n\n<p class=\"wp-block-paragraph\"><strong>Bringt unbedingt eure Notebooks mit!<\/strong><\/p>\n\n\n\n<div class=\"wp-block-columns is-layout-flex wp-container-core-columns-is-layout-8f761849 wp-block-columns-is-layout-flex\">\n<div class=\"wp-block-column is-vertically-aligned-center is-layout-flow wp-block-column-is-layout-flow\">\n<h2 class=\"has-text-align-center wp-block-heading\">Gef\u00f6rdert von<\/h2>\n<\/div>\n\n\n\n<div class=\"wp-block-column is-vertically-aligned-center is-layout-flow wp-block-column-is-layout-flow\"><div class=\"wp-block-image\">\n<figure class=\"aligncenter size-large\"><img loading=\"lazy\" decoding=\"async\" width=\"1024\" height=\"678\" src=\"https:\/\/vienna.wordcamp.org\/2022\/files\/2022\/04\/MDV_Logo_RGB_red_white-1024x678.jpg\" alt=\"\" class=\"wp-image-4869\" srcset=\"https:\/\/vienna.wordcamp.org\/2022\/files\/2022\/04\/MDV_Logo_RGB_red_white-1024x678.jpg 1024w, https:\/\/vienna.wordcamp.org\/2022\/files\/2022\/04\/MDV_Logo_RGB_red_white-300x199.jpg 300w, https:\/\/vienna.wordcamp.org\/2022\/files\/2022\/04\/MDV_Logo_RGB_red_white-768x508.jpg 768w, https:\/\/vienna.wordcamp.org\/2022\/files\/2022\/04\/MDV_Logo_RGB_red_white-453x300.jpg 453w, https:\/\/vienna.wordcamp.org\/2022\/files\/2022\/04\/MDV_Logo_RGB_red_white-1536x1017.jpg 1536w, https:\/\/vienna.wordcamp.org\/2022\/files\/2022\/04\/MDV_Logo_RGB_red_white.jpg 1748w\" sizes=\"auto, (max-width: 1024px) 100vw, 1024px\" \/><\/figure>\n<\/div><\/div>\n<\/div>\n","protected":false},"excerpt":{"rendered":"<p>English \/ Deutsch Wir freuen uns, Euch mitteilen zu k\u00f6nnen, dass die WordPress Konferenz WordCamp Vienna 2022&nbsp;offiziell im Kalender steht! WordCamps sind informelle, community-organisierte Veranstaltungen, die von allen, die WordPress verwenden, besucht werden sollten. Das betrifft BloggerInnen, DesignerInnen, EntwicklerInnen, AutorInnen, VermarkterInnen, SEOs, Unternehmen, Startups, Non-Profits, BeraterInnen etc. Wir halten dich auf dem Laufenden \u00fcber alle &hellip; <a href=\"https:\/\/vienna.wordcamp.org\/2022\/wordcamp-wien-2022\/\" class=\"more-link\">Continue reading<span class=\"screen-reader-text\"> &#8220;WordCamp Wien 2022&#8221;<\/span><\/a><\/p>\n","protected":false},"author":15449508,"featured_media":0,"parent":0,"menu_order":0,"comment_status":"closed","ping_status":"closed","template":"","meta":{"_crdt_document":"","jetpack_post_was_ever_published":false,"footnotes":""},"class_list":["post-284","page","type-page","status-publish","hentry"],"jetpack_sharing_enabled":true,"_links":{"self":[{"href":"https:\/\/vienna.wordcamp.org\/2022\/wp-json\/wp\/v2\/pages\/284","targetHints":{"allow":["GET"]}}],"collection":[{"href":"https:\/\/vienna.wordcamp.org\/2022\/wp-json\/wp\/v2\/pages"}],"about":[{"href":"https:\/\/vienna.wordcamp.org\/2022\/wp-json\/wp\/v2\/types\/page"}],"author":[{"embeddable":true,"href":"https:\/\/vienna.wordcamp.org\/2022\/wp-json\/wp\/v2\/users\/15449508"}],"replies":[{"embeddable":true,"href":"https:\/\/vienna.wordcamp.org\/2022\/wp-json\/wp\/v2\/comments?post=284"}],"version-history":[{"count":18,"href":"https:\/\/vienna.wordcamp.org\/2022\/wp-json\/wp\/v2\/pages\/284\/revisions"}],"predecessor-version":[{"id":5287,"href":"https:\/\/vienna.wordcamp.org\/2022\/wp-json\/wp\/v2\/pages\/284\/revisions\/5287"}],"wp:attachment":[{"href":"https:\/\/vienna.wordcamp.org\/2022\/wp-json\/wp\/v2\/media?parent=284"}],"curies":[{"name":"wp","href":"https:\/\/api.w.org\/{rel}","templated":true}]}}

<p class="has-text-align-center wp-block-paragraph"><a href="/2022/">English</a> / Deutsch</p>



<figure class="wp-block-image size-large"><img loading="lazy" decoding="async" width="1024" height="683" src="https://vienna.wordcamp.org/2022/files/2022/04/wordcamp2022_KP5_5025_CKlausProkop_WEB-1024x683.jpg" alt="" class="wp-image-5277" srcset="https://vienna.wordcamp.org/2022/files/2022/04/wordcamp2022_KP5_5025_CKlausProkop_WEB-1024x683.jpg 1024w, https://vienna.wordcamp.org/2022/files/2022/04/wordcamp2022_KP5_5025_CKlausProkop_WEB-300x200.jpg 300w, https://vienna.wordcamp.org/2022/files/2022/04/wordcamp2022_KP5_5025_CKlausProkop_WEB-768x512.jpg 768w, https://vienna.wordcamp.org/2022/files/2022/04/wordcamp2022_KP5_5025_CKlausProkop_WEB-450x300.jpg 450w, https://vienna.wordcamp.org/2022/files/2022/04/wordcamp2022_KP5_5025_CKlausProkop_WEB-1536x1024.jpg 1536w, https://vienna.wordcamp.org/2022/files/2022/04/wordcamp2022_KP5_5025_CKlausProkop_WEB.jpg 1600w" sizes="auto, (max-width: 1024px) 100vw, 1024px" /></figure>



<p class="wp-block-paragraph">Wir freuen uns, Euch mitteilen zu können, dass die WordPress Konferenz <strong>WordCamp Vienna 2022</strong>&nbsp;offiziell im Kalender steht!</p>



<p class="wp-block-paragraph">WordCamps sind informelle, community-organisierte Veranstaltungen, die von allen, die WordPress verwenden, besucht werden sollten. Das betrifft BloggerInnen, DesignerInnen, EntwicklerInnen, AutorInnen, VermarkterInnen, SEOs, Unternehmen, Startups, Non-Profits, BeraterInnen etc.</p>



<p class="wp-block-paragraph">Wir halten dich auf dem Laufenden über alle Details in den kommenden Monaten, einschließlich ReferentInnen, SponsorInnen und vieles mehr!</p>



<hr class="wp-block-separator" />



<h3 class="wp-block-heading" id="konferenz-am-samstag">Konferenz am Samstag</h3>



<p class="wp-block-paragraph">23. April 2022 von 9:00 bis 18:00 am <a href="https://www.google.at/maps/place/H%C3%B6rsaalzentrum+-+Campus+der+Universit%C3%A4t+Wien/@48.2164736,16.3518621,16z/data=!4m5!3m4!1s0x0:0x99756d0f15d5e82c!8m2!3d48.2171742!4d16.3532568">Campus der Universität Wien &#8211; Altes AKH, Hörsaalzentrum (C1, C2 &amp; Aula), Spitalgasse 2, 1090 Wien.</a></p>



<p class="wp-block-paragraph">Es ist ein moderner Tagungsort mit guter Erreichbarkeit und Aufzügen zu allen Etagen. Es gibt <strong>zwei Tracks</strong> von WordPress-fokussiertem Wissen, darunter auch <strong>mehrere Vorträge in Deutsch</strong>.</p>


<div class="googlemaps">
				<iframe loading="lazy" width="600" height="450" frameborder="0" scrolling="no" marginheight="0" marginwidth="0"  src="https://www.google.com/maps/embed?pb=!1m14!1m8!1m3!1d5316.976359008091!2d16.35186205131438!3d48.21647362065876!3m2!1i1024!2i768!4f13.1!3m3!1m2!1s0x0:0x99756d0f15d5e82c!2sHörsaalzentrum%20-%20Campus%20der%20Universität%20Wien!5e0!3m2!1sde!2sat!4v1480158630118"></iframe>
			</div>



<h3 class="wp-block-heading" id="afterparty-am-samstag">Afterparty am Samstag</h3>



<p class="wp-block-paragraph">Nach dem WordCamp gibt es abends auch eine Afterparty direkt in der Stiegl Ambulanz, bei der du dich mit neuen Freunden entspannen kannst und wo Ihr eure (WordPress-basierten) Pläne zur Übernahme der Welt austüfteln könnt.</p>



<hr class="wp-block-separator" />



<h3 class="wp-block-heading" id="contributors-workshop-day-am-sonntag">Contributors Workshop Day am Sonntag</h3>



<p class="wp-block-paragraph">Am Sonntag, den 24. April 2022 von 10:00 bis 15:00, trifft sich die WordPress Community im <a href="https://www.google.com/maps/place/Talent+Garden+Austria/@48.2283396,16.353713,17z/data=!3m1!4b1!4m5!3m4!1s0x476d07c28ba6fad5:0x9277b1d2d683038e!8m2!3d48.2283374!4d16.3558859" data-type="URL" data-id="https://www.google.com/maps/place/Talent+Garden+Austria/@48.2283396,16.353713,17z/data=!3m1!4b1!4m5!3m4!1s0x476d07c28ba6fad5:0x9277b1d2d683038e!8m2!3d48.2283374!4d16.3558859" target="_blank" rel="noreferrer noopener">Talent Garden Vienna, Liechtensteinstraße 111-115, 1090 Wien</a>.</p>



<div class="googlemaps">
				<iframe loading="lazy" width="600" height="450" frameborder="0" scrolling="no" marginheight="0" marginwidth="0"  src="https://www.google.com/maps/embed?pb=!1m18!1m12!1m3!1d2657.8719850180128!2d16.353713016264972!3d48.22833955281315!2m3!1f0!2f0!3f0!3m2!1i1024!2i768!4f13.1!3m3!1m2!1s0x476d07c28ba6fad5:0x9277b1d2d683038e!2sTalent%20Garden%20Austria!5e0!3m2!1sen!2sat!4v1644565234238!5m2!1sen!2sat"></iframe>
			</div>



<p class="wp-block-paragraph">Zusätzlich zu den üblichen WordPress-Contributor-Day-Sessions (<a href="https://2020.vienna.wordcamp.org/2018/08/13/what-is-a-wordpress-contributor-day-and-why-should-i-come/">englischsprachige Erklärung zum Contributor Day</a>)&nbsp; haben wir auch geplant, mehrere 2–Stunden Workshops anzubieten.</p>



<p class="wp-block-paragraph"><strong>Bringt unbedingt eure Notebooks mit!</strong></p>



<div class="wp-block-columns is-layout-flex wp-container-core-columns-is-layout-8f761849 wp-block-columns-is-layout-flex">
<div class="wp-block-column is-vertically-aligned-center is-layout-flow wp-block-column-is-layout-flow">
<h2 class="has-text-align-center wp-block-heading">Gefördert von</h2>
</div>



<div class="wp-block-column is-vertically-aligned-center is-layout-flow wp-block-column-is-layout-flow"><div class="wp-block-image">
<figure class="aligncenter size-large"><img loading="lazy" decoding="async" width="1024" height="678" src="https://vienna.wordcamp.org/2022/files/2022/04/MDV_Logo_RGB_red_white-1024x678.jpg" alt="" class="wp-image-4869" srcset="https://vienna.wordcamp.org/2022/files/2022/04/MDV_Logo_RGB_red_white-1024x678.jpg 1024w, https://vienna.wordcamp.org/2022/files/2022/04/MDV_Logo_RGB_red_white-300x199.jpg 300w, https://vienna.wordcamp.org/2022/files/2022/04/MDV_Logo_RGB_red_white-768x508.jpg 768w, https://vienna.wordcamp.org/2022/files/2022/04/MDV_Logo_RGB_red_white-453x300.jpg 453w, https://vienna.wordcamp.org/2022/files/2022/04/MDV_Logo_RGB_red_white-1536x1017.jpg 1536w, https://vienna.wordcamp.org/2022/files/2022/04/MDV_Logo_RGB_red_white.jpg 1748w" sizes="auto, (max-width: 1024px) 100vw, 1024px" /></figure>
</div></div>
</div>

<p>English / Deutsch Wir freuen uns, Euch mitteilen zu können, dass die WordPress Konferenz WordCamp Vienna 2022&nbsp;offiziell im Kalender steht! WordCamps sind informelle, community-organisierte Veranstaltungen, die von allen, die WordPress verwenden, besucht werden sollten. Das betrifft BloggerInnen, DesignerInnen, EntwicklerInnen, AutorInnen, VermarkterInnen, SEOs, Unternehmen, Startups, Non-Profits, BeraterInnen etc. Wir halten dich auf dem Laufenden über alle &hellip; <a href="https://vienna.wordcamp.org/2022/wordcamp-wien-2022/" class="more-link">Continue reading<span class="screen-reader-text"> &#8220;WordCamp Wien 2022&#8221;</span></a></p>
