{"id":12,"date":"2021-11-09T15:54:31","date_gmt":"2021-11-09T14:54:31","guid":{"rendered":"https:\/\/vienna.wordcamp.org\/2022\/organizers\/"},"modified":"2021-11-12T11:16:41","modified_gmt":"2021-11-12T10:16:41","slug":"organizers","status":"publish","type":"page","link":"https:\/\/vienna.wordcamp.org\/2022\/organizers\/","title":{"rendered":"Organizers"},"content":{"rendered":"\t<div class=\"wcorg-organizers\">\n\n\t\t\n\t\t\t<div class=\"wcorg-organizer\">\n\t\t\t\t<h2>Felix Mellitzer<\/h2>\n\t\t\t\t<div class=\"wcorg-organizer-description\">\n\t\t\t\t\t\t\t\t\t\t<img alt='' src='https:\/\/secure.gravatar.com\/avatar\/fc511e194569a0dce051940edd53472c2498f7c1777c7c62a6257b3c29e2051b?s=100&#038;d=mm&#038;r=g' srcset='https:\/\/secure.gravatar.com\/avatar\/fc511e194569a0dce051940edd53472c2498f7c1777c7c62a6257b3c29e2051b?s=200&#038;d=mm&#038;r=g 2x' class='avatar avatar-100 photo' height='100' width='100' \/>\t\t\t\t\t\n<p class=\"wp-block-paragraph\">Hey, my name is Felix Mellitzer and I Co-Founded a small WordPress Agency based in Innsbruck.<\/p>\n\n\n\n<p class=\"wp-block-paragraph\">After a while, we wanted to make WordPress sending emails easy and reliable. That&#8217;s why we are currently developing a plugin called <a href=\"https:\/\/omniploy.com\/\" rel=\"nofollow\">Omniploy<\/a>.<\/p>\n\n\n\n<p class=\"wp-block-paragraph\"><br>P.S. I am very excited to be a part of the WordCamp Vienna 2022.<\/p>\n\t\t\t\t<\/div>\n\t\t\t<\/div>\n\n\t\t\n\t\t\t<div class=\"wcorg-organizer\">\n\t\t\t\t<h2>Barbara Lamb\u00f6ck<\/h2>\n\t\t\t\t<div class=\"wcorg-organizer-description\">\n\t\t\t\t\t\t\t\t\t\t<img alt='' src='https:\/\/secure.gravatar.com\/avatar\/462f4e70d626bad54e40be9ac57ac23c401bcd9d702d666fe1a91ecacdfc0bca?s=100&#038;d=mm&#038;r=g' srcset='https:\/\/secure.gravatar.com\/avatar\/462f4e70d626bad54e40be9ac57ac23c401bcd9d702d666fe1a91ecacdfc0bca?s=200&#038;d=mm&#038;r=g 2x' class='avatar avatar-100 photo' height='100' width='100' \/>\t\t\t\t\t\n<p>After 20 years in Sales and Marketing,\u00a0Barbara decided to start her own agency as\u00a0Co-Founder and \u201ebl\u201c-part of <a href=\"https:\/\/www.blum-eventmarketing.com\/\" target=\"_blank\" rel=\"noopener noreferrer\">blum eventmarketing<\/a>, specializing in Event Management, Marketing and a full-service Trade Show support. As Marketing-aficionada she has been focused on Online Marketing fort he last few years.<\/p>\n<p>Barbara stumbled across WordPress during her pro bono work for a big Charity Project, in dire need of a multilingual website. Lacking the necessary budget to outsource the task, she took it in her own hands with a little help from some friends and a lot of online tutorials. And it wasn\u2018t her last website\u2026<\/p>\n<p>She loves a good challenge and tackles new projects with gusto. On this note she is thrilled to be part of a committed team dedicated to organize an exciting and successfull WordCamp Vienna 2019.<\/p>\n\n\n\t\t\t\t<\/div>\n\t\t\t<\/div>\n\n\t\t\n\t\t\t<div class=\"wcorg-organizer\">\n\t\t\t\t<h2>Marco Heinrichs<\/h2>\n\t\t\t\t<div class=\"wcorg-organizer-description\">\n\t\t\t\t\t\t\t\t\t\t<img alt='' src='https:\/\/secure.gravatar.com\/avatar\/a0508b282b2599cfe118b855141e7e37d3f685fc10ccd5717a2323d2918a552f?s=100&#038;d=mm&#038;r=g' srcset='https:\/\/secure.gravatar.com\/avatar\/a0508b282b2599cfe118b855141e7e37d3f685fc10ccd5717a2323d2918a552f?s=200&#038;d=mm&#038;r=g 2x' class='avatar avatar-100 photo' height='100' width='100' \/>\t\t\t\t\t\n<p class=\"wp-block-paragraph\">Marco leads the Digital Solutions team at APA-OTS. He holds a degree in business administration with 20+ years experience in web technologies and is responsible for OTS platform strategies including several WordPress sites. He also develops WordPress-plugins (especially for microsite-creation) and hosts innovation workshops.<\/p>\n\n\n\n<p class=\"wp-block-paragraph\">Besides his work for APA-OTS, Marco runs his own web consulting business. He helps his customers with web projects and analytics.<\/p>\n\n\n\n<p class=\"wp-block-paragraph\">When he&#8217;s not looking at a screen or standing in front of a whiteboard, he enjoys cooking and a good round of golf.<\/p>\n\t\t\t\t<\/div>\n\t\t\t<\/div>\n\n\t\t\n\t\t\t<div class=\"wcorg-organizer\">\n\t\t\t\t<h2>Dominik Liss<\/h2>\n\t\t\t\t<div class=\"wcorg-organizer-description\">\n\t\t\t\t\t\t\t\t\t\t<img alt='' src='https:\/\/secure.gravatar.com\/avatar\/b74f42c05282babcb6190702567420611ba0653a1279cb96563e5c81c27f150c?s=100&#038;d=mm&#038;r=g' srcset='https:\/\/secure.gravatar.com\/avatar\/b74f42c05282babcb6190702567420611ba0653a1279cb96563e5c81c27f150c?s=200&#038;d=mm&#038;r=g 2x' class='avatar avatar-100 photo' height='100' width='100' \/>\t\t\t\t\t<p>My name is Dominik Liss and I am a freelance WordPress Developer \/ Web-Designer. I love solving technical problems in a creative way but I also appreciate challenges where I have to use some (web) design thinking. If you want to know more about me, just visit my site <a href=\"https:\/\/dominikliss.com\/\" target=\"_blank\" rel=\"noopener noreferrer\">dominikliss.com<\/a>.<\/p>\n\t\t\t\t<\/div>\n\t\t\t<\/div>\n\n\t\t\n\t\t\t<div class=\"wcorg-organizer\">\n\t\t\t\t<h2>Ulrike M\u00fclleder<\/h2>\n\t\t\t\t<div class=\"wcorg-organizer-description\">\n\t\t\t\t\t\t\t\t\t\t<img alt='' src='https:\/\/secure.gravatar.com\/avatar\/8239c9165caaa649934da79cfd386f74e65e13af0e1b7a9cfa021b514654fa89?s=100&#038;d=mm&#038;r=g' srcset='https:\/\/secure.gravatar.com\/avatar\/8239c9165caaa649934da79cfd386f74e65e13af0e1b7a9cfa021b514654fa89?s=200&#038;d=mm&#038;r=g 2x' class='avatar avatar-100 photo' height='100' width='100' \/>\t\t\t\t\t<p>Co-Founder of <a href=\"https:\/\/www.blum-eventmarketing.com\/\" target=\"_blank\" rel=\"noopener noreferrer\">blum eventmarketing<\/a>, a full-service agency specializing in Event Management, Marketing and 360\u00b0 Trade Show support.<\/p>\n<p>My dedication lies in organizing events with a personal customer oriented and creative touch. Having spent more than six years in the US in guest relations in the hospitality industry and worked over 12 years as Event Manager at the Vienna Stock Exchange, I gained substantial experience locally and internationally.<\/p>\n<p>I am excited to be part of this diverse team of high-level professionals and to contribute my share for a successful WordCamp Vienna 2020.<\/p>\n\t\t\t\t<\/div>\n\t\t\t<\/div>\n\n\t\t\n\t\t\t<div class=\"wcorg-organizer\">\n\t\t\t\t<h2>Sanja Jelic<\/h2>\n\t\t\t\t<div class=\"wcorg-organizer-description\">\n\t\t\t\t\t\t\t\t\t\t<img alt='' src='https:\/\/secure.gravatar.com\/avatar\/6733f57872b71ebac4fcf175807668985d843219cfa4ff006936312e58e784e2?s=100&#038;d=mm&#038;r=g' srcset='https:\/\/secure.gravatar.com\/avatar\/6733f57872b71ebac4fcf175807668985d843219cfa4ff006936312e58e784e2?s=200&#038;d=mm&#038;r=g 2x' class='avatar avatar-100 photo' height='100' width='100' \/>\t\t\t\t\t<p>Being a Vienna-based <a title=\"Grafikdesign Wien\" href=\"https:\/\/sanja.at\/design\/grafikdesign\/\">graphic designer<\/a>, I have more than 22 years of professional experience creating all kinds of graphic design projects ranging from layout over corporate design to web design. Additionally, I create (non-business) designs for your personal wedding invitations, birth announcements or thank-you cards.<\/p>\n\t\t\t\t<\/div>\n\t\t\t<\/div>\n\n\t\t\n\t\t\t<div class=\"wcorg-organizer\">\n\t\t\t\t<h2>Harry Martin<\/h2>\n\t\t\t\t<div class=\"wcorg-organizer-description\">\n\t\t\t\t\t\t\t\t\t\t<img alt='' src='https:\/\/secure.gravatar.com\/avatar\/11ff4a9791a668d0336611bb84aa93aa2b8ed0d52d1bddfacec35ad5fa292af4?s=100&#038;d=mm&#038;r=g' srcset='https:\/\/secure.gravatar.com\/avatar\/11ff4a9791a668d0336611bb84aa93aa2b8ed0d52d1bddfacec35ad5fa292af4?s=200&#038;d=mm&#038;r=g 2x' class='avatar avatar-100 photo' height='100' width='100' \/>\t\t\t\t\t<p>Harry Martin is online since 1996. His small agency <a href=\"https:\/\/www.werkform.at\">werkform<\/a> is located in Lower Austria. After years of producing hand knitted homepages he switched over to WordPress and Elementor. Starting his career as editor for a gardening magazine he joined the prepress business and &#8211; with the internet getting popular &#8211; the first websites were launched.<\/p>\n<p>Harry stumbled in the Vienna WordPress community in 2017. Beside working with WordPress and Elementor rowing on the Danube is a part of life &#8211; which is a perfect compensation for sitting at a desk.<\/p>\n\t\t\t\t<\/div>\n\t\t\t<\/div>\n\n\t\t\n\t\t\t<div class=\"wcorg-organizer\">\n\t\t\t\t<h2>Hannes Linsbauer<\/h2>\n\t\t\t\t<div class=\"wcorg-organizer-description\">\n\t\t\t\t\t\t\t\t\t\t<img alt='' src='https:\/\/secure.gravatar.com\/avatar\/91670b17c6fe71255b35f14ca26d7f9f5c95df63d36f7ef50e7f03e4881b164f?s=100&#038;d=mm&#038;r=g' srcset='https:\/\/secure.gravatar.com\/avatar\/91670b17c6fe71255b35f14ca26d7f9f5c95df63d36f7ef50e7f03e4881b164f?s=200&#038;d=mm&#038;r=g 2x' class='avatar avatar-100 photo' height='100' width='100' \/>\t\t\t\t\t<p>Hannes Linsbauer is the mind behind <a href=\"https:\/\/www.linomedia.at\" target=\"_blank\" rel=\"noopener noreferrer\">linomedia<\/a> a web development agency located in lower austria, specialized in creating modern websites and online shops with WordPress and WooCommerce. With about 20 years of experience with building websites and creating online communities he is also the founder of the oldest gaming community (since 1999) in austria, <a href=\"https:\/\/www.gamers.at\" target=\"_blank\" rel=\"noopener\">Gamers.at<\/a>.<\/p>\n\t\t\t\t<\/div>\n\t\t\t<\/div>\n\n\t\t\n\t\t\t<div class=\"wcorg-organizer\">\n\t\t\t\t<h2>Elvyra Geyer<\/h2>\n\t\t\t\t<div class=\"wcorg-organizer-description\">\n\t\t\t\t\t\t\t\t\t\t<img alt='' src='https:\/\/secure.gravatar.com\/avatar\/341b0f51515dae5dd513df51252cd535a902f8519c1e95c9c4167f4b53a1d545?s=100&#038;d=mm&#038;r=g' srcset='https:\/\/secure.gravatar.com\/avatar\/341b0f51515dae5dd513df51252cd535a902f8519c1e95c9c4167f4b53a1d545?s=200&#038;d=mm&#038;r=g 2x' class='avatar avatar-100 photo' height='100' width='100' \/>\t\t\t\t\t<p>work as choreographer and creative director for fashion events, creating shows and lifestyle events around the world, ex-model, former jury for austrias next topmodel, <a href=\"https:\/\/www.creativeheadz.com\/\" target=\"_blank\" rel=\"noopener noreferrer\">social media management<\/a> and website design with wordpress, always up for new exciting things! love fashion, lifestyle and travel!<\/p>\n\t\t\t\t<\/div>\n\t\t\t<\/div>\n\n\t\t\n\t\t\t<div class=\"wcorg-organizer\">\n\t\t\t\t<h2>Martin Sternsberger<\/h2>\n\t\t\t\t<div class=\"wcorg-organizer-description\">\n\t\t\t\t\t\t\t\t\t\t<img alt='' src='https:\/\/secure.gravatar.com\/avatar\/6abe5af3c99d68f54a46821a64cb119611d0638669bffb0215888e6acb0fb7f6?s=100&#038;d=mm&#038;r=g' srcset='https:\/\/secure.gravatar.com\/avatar\/6abe5af3c99d68f54a46821a64cb119611d0638669bffb0215888e6acb0fb7f6?s=200&#038;d=mm&#038;r=g 2x' class='avatar avatar-100 photo' height='100' width='100' \/>\t\t\t\t\t<p>Martin Sternsberger is one of the <a href=\"https:\/\/wp-stars.com\">WP-Stars<\/a> (<a href=\"https:\/\/wp-stars.com\" target=\"_blank\" rel=\"noopener noreferrer\">wp-stars.com<\/a>), an internet agency fully dedicated to WordPress. Martin is \u201eonline&#8221; since 1984. In 1996, he founded one of the first internet agencies in Austria, consulting clients like Mercedes-Benz, Eckes-Granini, Suzuki, Gabor Shoes, Prefa, etc. and successfully sold that company in 2010. Prior to that he was head of software development (card access) at SkiData, an Austrian-based, international high-tech company.<\/p>\n<p>With his &#8220;8 Treasures Method for Inner and Outer Wealth&#8221; (<a href=\"https:\/\/8-schaetze-methode.com\/\" target=\"_blank\" rel=\"noopener\">8 Sch\u00e4tze Methode\u2122 f\u00fcr inneren und \u00e4u\u00dferen Reichtum<\/a>) he helps freelancers, bloggers, agency managers and other entrepreneurs to achieve more success and fulfillment in life. <a href=\"https:\/\/8-schaetze-methode.com\/\" target=\"_blank\" rel=\"noopener\">https:\/\/8-schaetze-methode.com\/<\/a><\/p>\n\n\n<p class=\"wp-block-paragraph\"><\/p>\n\t\t\t\t<\/div>\n\t\t\t<\/div>\n\n\t\t\n\t\t\t<div class=\"wcorg-organizer\">\n\t\t\t\t<h2>Max Reisinger<\/h2>\n\t\t\t\t<div class=\"wcorg-organizer-description\">\n\t\t\t\t\t\t\t\t\t\t<img alt='' src='https:\/\/secure.gravatar.com\/avatar\/fa8dde291c92bdc75116dcc2312f3d2cb228967836d694456f8886877a2fdc8b?s=100&#038;d=mm&#038;r=g' srcset='https:\/\/secure.gravatar.com\/avatar\/fa8dde291c92bdc75116dcc2312f3d2cb228967836d694456f8886877a2fdc8b?s=200&#038;d=mm&#038;r=g 2x' class='avatar avatar-100 photo' height='100' width='100' \/>\t\t\t\t\t\n<p class=\"wp-block-paragraph\">Max Reisinger is one of the <a href=\"https:\/\/wp-stars.com\">WP-Stars<\/a> (<a rel=\"noreferrer noopener\" href=\"https:\/\/wp-stars.com\/\" target=\"_blank\">wp-stars.com<\/a>), an internet agency fully dedicated to WordPress. <\/p>\n\t\t\t\t<\/div>\n\t\t\t<\/div>\n\n\t\t\n\t<\/div><!-- .wcorg-organizers -->\n\t\n","protected":false},"excerpt":{"rendered":"","protected":false},"author":16589953,"featured_media":0,"parent":0,"menu_order":0,"comment_status":"closed","ping_status":"closed","template":"","meta":{"_crdt_document":"","jetpack_post_was_ever_published":false,"footnotes":""},"class_list":["post-12","page","type-page","status-publish","hentry"],"jetpack_sharing_enabled":true,"_links":{"self":[{"href":"https:\/\/vienna.wordcamp.org\/2022\/wp-json\/wp\/v2\/pages\/12","targetHints":{"allow":["GET"]}}],"collection":[{"href":"https:\/\/vienna.wordcamp.org\/2022\/wp-json\/wp\/v2\/pages"}],"about":[{"href":"https:\/\/vienna.wordcamp.org\/2022\/wp-json\/wp\/v2\/types\/page"}],"author":[{"embeddable":true,"href":"https:\/\/vienna.wordcamp.org\/2022\/wp-json\/wp\/v2\/users\/16589953"}],"replies":[{"embeddable":true,"href":"https:\/\/vienna.wordcamp.org\/2022\/wp-json\/wp\/v2\/comments?post=12"}],"version-history":[{"count":2,"href":"https:\/\/vienna.wordcamp.org\/2022\/wp-json\/wp\/v2\/pages\/12\/revisions"}],"predecessor-version":[{"id":3886,"href":"https:\/\/vienna.wordcamp.org\/2022\/wp-json\/wp\/v2\/pages\/12\/revisions\/3886"}],"wp:attachment":[{"href":"https:\/\/vienna.wordcamp.org\/2022\/wp-json\/wp\/v2\/media?parent=12"}],"curies":[{"name":"wp","href":"https:\/\/api.w.org\/{rel}","templated":true}]}}