{"id":284,"date":"2017-12-16T20:46:59","date_gmt":"2017-12-16T19:46:59","guid":{"rendered":"https:\/\/2018.vienna.wordcamp.org\/?page_id=284"},"modified":"2021-11-12T11:06:07","modified_gmt":"2021-11-12T09:06:07","slug":"wordcamp-wien-2020","status":"publish","type":"page","link":"https:\/\/vienna.wordcamp.org\/2020\/wordcamp-wien-2020\/","title":{"rendered":"WordCamp Wien 2020"},"content":{"rendered":"\n<p class=\"has-text-align-center wp-block-paragraph\">Deutsch \/ <a href=\"https:\/\/2020.vienna.wordcamp.org\/2019\/10\/07\/welcome-to-wordcamp-vienna-europe\/\">English<\/a><\/p>\n\n\n\n<figure class=\"wp-block-image\"><img decoding=\"async\" src=\"https:\/\/2019.vienna.wordcamp.org\/files\/2018\/11\/wordcamp-vienna-2018-attendees.jpg\" alt=\"\" class=\"wp-image-2670\" \/><\/figure>\n\n\n\n<p class=\"wp-block-paragraph\">Wir freuen uns, Euch mitteilen zu k\u00f6nnen, dass die WordPress Konferenz <strong>WordCamp Vienna 2020<\/strong>&nbsp;offiziell im Kalender steht!<\/p>\n\n\n\n<p class=\"wp-block-paragraph\">WordCamp Wien findet am <strong>15. und 16. Februar 2020<\/strong> am Campus der UNI im <a href=\"https:\/\/2020.vienna.wordcamp.org\/location\/\">Alten AKH<\/a> und in der CodeFactory in Wien statt.\u00a0Es gibt am ersten Tag <strong>drei Tracks<\/strong> von WordPress-fokussiertem Wissen, darunter auch <strong>mehrere Vortr\u00e4ge in Deutsch<\/strong> und am zweiten Tag mehrere gratis Workshops und Arbeitsgruppen.<\/p>\n\n\n\n<p class=\"wp-block-paragraph\"><a href=\"https:\/\/2020.vienna.wordcamp.org\/tickets\/\">Hol&#8217; Dir jetzt gleich Dein Ticket<\/a><\/p>\n\n\n\n<p class=\"wp-block-paragraph\">WordCamps sind informelle, community-organisierte Veranstaltungen, die von allen, die WordPress verwenden, besucht werden sollten. Das betrifft BloggerInnen, DesignerInnen, EntwicklerInnen, AutorInnen, VermarkterInnen, SEOs, Unternehmen, Startups, Non-Profits, BeraterInnen etc.<\/p>\n\n\n\n<p class=\"wp-block-paragraph\">Wir halten dich auf dem Laufenden \u00fcber alle Details in den kommenden Monaten, einschlie\u00dflich ReferentInnen, SponsorInnen und vieles mehr!<\/p>\n\n\n\n<hr class=\"wp-block-separator\" \/>\n\n\n\n<h3 class=\"wp-block-heading\">Konferenz am Samstag<\/h3>\n\n\n\n<p class=\"wp-block-paragraph\">15. Februar 2020 von 9:00 bis 18:00 am <a href=\"https:\/\/www.google.at\/maps\/place\/H%C3%B6rsaalzentrum+-+Campus+der+Universit%C3%A4t+Wien\/@48.2164736,16.3518621,16z\/data=!4m5!3m4!1s0x0:0x99756d0f15d5e82c!8m2!3d48.2171742!4d16.3532568\">Campus der Universit\u00e4t Wien &#8211; Altes AKH, H\u00f6rsaalzentrum (C1, C2 &amp; Aula), Spitalgasse 2, 1090 Wien.<\/a><\/p>\n\n\n\n<p class=\"wp-block-paragraph\">Es ist ein moderner Tagungsort mit guter Erreichbarkeit und Aufz\u00fcgen zu allen Etagen. Es gibt <strong>drei Tracks<\/strong> von WordPress-fokussiertem Wissen, darunter auch <strong>mehrere Vortr\u00e4ge in Deutsch<\/strong>.<\/p>\n\n\n<div class=\"googlemaps\">\n\t\t\t\t<iframe loading=\"lazy\" width=\"600\" height=\"450\" frameborder=\"0\" scrolling=\"no\" marginheight=\"0\" marginwidth=\"0\"  src=\"https:\/\/www.google.com\/maps\/embed?pb=!1m14!1m8!1m3!1d5316.976359008091!2d16.35186205131438!3d48.21647362065876!3m2!1i1024!2i768!4f13.1!3m3!1m2!1s0x0:0x99756d0f15d5e82c!2sH\u00f6rsaalzentrum%20-%20Campus%20der%20Universit\u00e4t%20Wien!5e0!3m2!1sde!2sat!4v1480158630118\"><\/iframe>\n\t\t\t<\/div>\n\n\n\n<h3 class=\"wp-block-heading\">Afterparty am Samstag<\/h3>\n\n\n\n<p class=\"wp-block-paragraph\">Nach dem WordCamp gibt es abends auch eine Afterparty direkt in der Stiegl Ambulanz, bei der du dich mit neuen Freunden entspannen kannst und wo Ihr eure (WordPress-basierten) Pl\u00e4ne zur \u00dcbernahme der Welt aust\u00fcfteln k\u00f6nnt.<\/p>\n\n\n\n<hr class=\"wp-block-separator\" \/>\n\n\n\n<h3 class=\"wp-block-heading\">Contributors Workshop Day am Sonntag<\/h3>\n\n\n\n<p class=\"wp-block-paragraph\">Am Sonntag, den 16. Februar 2020, trifft sich die WordPress Community.<br>Zus\u00e4tzlich zu den \u00fcblichen WordPress-Contributor-Day-Sessions (<a href=\"https:\/\/2020.vienna.wordcamp.org\/2018\/08\/13\/what-is-a-wordpress-contributor-day-and-why-should-i-come\/\">englischsprachige Erkl\u00e4rung zum Contributor Day<\/a>)&nbsp; haben wir auch geplant, mehrere 2\u2013Stunden Workshops anzubieten. Bringt unbedingt eure Notebooks mit!<\/p>\n","protected":false},"excerpt":{"rendered":"<p>Deutsch \/ English Wir freuen uns, Euch mitteilen zu k\u00f6nnen, dass die WordPress Konferenz WordCamp Vienna 2020&nbsp;offiziell im Kalender steht! WordCamp Wien findet am 15. und 16. Februar 2020 am Campus der UNI im Alten AKH und in der CodeFactory in Wien statt.\u00a0Es gibt am ersten Tag drei Tracks von WordPress-fokussiertem Wissen, darunter auch mehrere &hellip; <a href=\"https:\/\/vienna.wordcamp.org\/2020\/wordcamp-wien-2020\/\" class=\"more-link\">Continue reading<span class=\"screen-reader-text\"> &#8220;WordCamp Wien 2020&#8221;<\/span><\/a><\/p>\n","protected":false},"author":15449508,"featured_media":0,"parent":0,"menu_order":0,"comment_status":"closed","ping_status":"closed","template":"","meta":{"_crdt_document":"","jetpack_post_was_ever_published":false,"footnotes":""},"class_list":["post-284","page","type-page","status-publish","hentry"],"jetpack_sharing_enabled":true,"_links":{"self":[{"href":"https:\/\/vienna.wordcamp.org\/2020\/wp-json\/wp\/v2\/pages\/284","targetHints":{"allow":["GET"]}}],"collection":[{"href":"https:\/\/vienna.wordcamp.org\/2020\/wp-json\/wp\/v2\/pages"}],"about":[{"href":"https:\/\/vienna.wordcamp.org\/2020\/wp-json\/wp\/v2\/types\/page"}],"author":[{"embeddable":true,"href":"https:\/\/vienna.wordcamp.org\/2020\/wp-json\/wp\/v2\/users\/15449508"}],"replies":[{"embeddable":true,"href":"https:\/\/vienna.wordcamp.org\/2020\/wp-json\/wp\/v2\/comments?post=284"}],"version-history":[{"count":7,"href":"https:\/\/vienna.wordcamp.org\/2020\/wp-json\/wp\/v2\/pages\/284\/revisions"}],"predecessor-version":[{"id":4435,"href":"https:\/\/vienna.wordcamp.org\/2020\/wp-json\/wp\/v2\/pages\/284\/revisions\/4435"}],"wp:attachment":[{"href":"https:\/\/vienna.wordcamp.org\/2020\/wp-json\/wp\/v2\/media?parent=284"}],"curies":[{"name":"wp","href":"https:\/\/api.w.org\/{rel}","templated":true}]}}

<p class="has-text-align-center wp-block-paragraph">Deutsch / <a href="https://2020.vienna.wordcamp.org/2019/10/07/welcome-to-wordcamp-vienna-europe/">English</a></p>



<figure class="wp-block-image"><img decoding="async" src="https://2019.vienna.wordcamp.org/files/2018/11/wordcamp-vienna-2018-attendees.jpg" alt="" class="wp-image-2670" /></figure>



<p class="wp-block-paragraph">Wir freuen uns, Euch mitteilen zu können, dass die WordPress Konferenz <strong>WordCamp Vienna 2020</strong>&nbsp;offiziell im Kalender steht!</p>



<p class="wp-block-paragraph">WordCamp Wien findet am <strong>15. und 16. Februar 2020</strong> am Campus der UNI im <a href="https://2020.vienna.wordcamp.org/location/">Alten AKH</a> und in der CodeFactory in Wien statt. Es gibt am ersten Tag <strong>drei Tracks</strong> von WordPress-fokussiertem Wissen, darunter auch <strong>mehrere Vorträge in Deutsch</strong> und am zweiten Tag mehrere gratis Workshops und Arbeitsgruppen.</p>



<p class="wp-block-paragraph"><a href="https://2020.vienna.wordcamp.org/tickets/">Hol&#8217; Dir jetzt gleich Dein Ticket</a></p>



<p class="wp-block-paragraph">WordCamps sind informelle, community-organisierte Veranstaltungen, die von allen, die WordPress verwenden, besucht werden sollten. Das betrifft BloggerInnen, DesignerInnen, EntwicklerInnen, AutorInnen, VermarkterInnen, SEOs, Unternehmen, Startups, Non-Profits, BeraterInnen etc.</p>



<p class="wp-block-paragraph">Wir halten dich auf dem Laufenden über alle Details in den kommenden Monaten, einschließlich ReferentInnen, SponsorInnen und vieles mehr!</p>



<hr class="wp-block-separator" />



<h3 class="wp-block-heading">Konferenz am Samstag</h3>



<p class="wp-block-paragraph">15. Februar 2020 von 9:00 bis 18:00 am <a href="https://www.google.at/maps/place/H%C3%B6rsaalzentrum+-+Campus+der+Universit%C3%A4t+Wien/@48.2164736,16.3518621,16z/data=!4m5!3m4!1s0x0:0x99756d0f15d5e82c!8m2!3d48.2171742!4d16.3532568">Campus der Universität Wien &#8211; Altes AKH, Hörsaalzentrum (C1, C2 &amp; Aula), Spitalgasse 2, 1090 Wien.</a></p>



<p class="wp-block-paragraph">Es ist ein moderner Tagungsort mit guter Erreichbarkeit und Aufzügen zu allen Etagen. Es gibt <strong>drei Tracks</strong> von WordPress-fokussiertem Wissen, darunter auch <strong>mehrere Vorträge in Deutsch</strong>.</p>


<div class="googlemaps">
				<iframe loading="lazy" width="600" height="450" frameborder="0" scrolling="no" marginheight="0" marginwidth="0"  src="https://www.google.com/maps/embed?pb=!1m14!1m8!1m3!1d5316.976359008091!2d16.35186205131438!3d48.21647362065876!3m2!1i1024!2i768!4f13.1!3m3!1m2!1s0x0:0x99756d0f15d5e82c!2sHörsaalzentrum%20-%20Campus%20der%20Universität%20Wien!5e0!3m2!1sde!2sat!4v1480158630118"></iframe>
			</div>



<h3 class="wp-block-heading">Afterparty am Samstag</h3>



<p class="wp-block-paragraph">Nach dem WordCamp gibt es abends auch eine Afterparty direkt in der Stiegl Ambulanz, bei der du dich mit neuen Freunden entspannen kannst und wo Ihr eure (WordPress-basierten) Pläne zur Übernahme der Welt austüfteln könnt.</p>



<hr class="wp-block-separator" />



<h3 class="wp-block-heading">Contributors Workshop Day am Sonntag</h3>



<p class="wp-block-paragraph">Am Sonntag, den 16. Februar 2020, trifft sich die WordPress Community.<br>Zusätzlich zu den üblichen WordPress-Contributor-Day-Sessions (<a href="https://2020.vienna.wordcamp.org/2018/08/13/what-is-a-wordpress-contributor-day-and-why-should-i-come/">englischsprachige Erklärung zum Contributor Day</a>)&nbsp; haben wir auch geplant, mehrere 2–Stunden Workshops anzubieten. Bringt unbedingt eure Notebooks mit!</p>

<p>Deutsch / English Wir freuen uns, Euch mitteilen zu können, dass die WordPress Konferenz WordCamp Vienna 2020&nbsp;offiziell im Kalender steht! WordCamp Wien findet am 15. und 16. Februar 2020 am Campus der UNI im Alten AKH und in der CodeFactory in Wien statt. Es gibt am ersten Tag drei Tracks von WordPress-fokussiertem Wissen, darunter auch mehrere &hellip; <a href="https://vienna.wordcamp.org/2020/wordcamp-wien-2020/" class="more-link">Continue reading<span class="screen-reader-text"> &#8220;WordCamp Wien 2020&#8221;</span></a></p>
